{"id":12050,"date":"2026-02-16T21:04:13","date_gmt":"2026-02-17T00:04:13","guid":{"rendered":"https:\/\/isfd112-bue.infd.edu.ar\/sitio\/?page_id=12050"},"modified":"2026-02-19T21:07:59","modified_gmt":"2026-02-20T00:07:59","slug":"reinscripciones-2026-primera-etapa-completar-formularios","status":"publish","type":"page","link":"https:\/\/isfd112-bue.infd.edu.ar\/sitio\/reinscripciones-2026-primera-etapa-completar-formularios\/","title":{"rendered":"Reinscripciones 2026 &#8211; Primera etapa- Completar formularios"},"content":{"rendered":"\n<p>Para mejorar y facilitar el proceso de reinscripci\u00f3n en las Unidades Curriculares se han modificado los formularios de modo que se puedan completar de forma r\u00e1pida y sencilla por materia que deseas cursar en el Ciclo Lectivo 2026.<\/p>\n\n\n\n<p>Para completar los formularios es importante que revises con ATENCI\u00d3N la carrera, a\u00f1o, divisi\u00f3n y nombre de la materia.<\/p>\n\n\n\n<p><strong>Este paso debe estar finalizado antes de la fecha prevista para la validaci\u00f3n de datos en forma presencial.<\/strong><\/p>\n\n\n\n<p>Encontrar\u00e1s los formularios organizados por carrera y turno en el Men\u00fa de nuestra p\u00e1gina web, en los siguientes links:<\/p>\n\n\n\n<p><strong>FORMULARIOS DE REINSCRIPCI\u00d3N PARA CURSAR MATERIAS EN CICLO LECTIVO 2026 &#8211;&nbsp; INICIAL TURNO VESPERTINO<\/strong><\/p>\n\n\n\n<p><strong>FORMULARIOS DE REINSCRIPCI\u00d3N PARA CURSAR MATERIAS EN CICLO LECTIVO 2026 &#8211;&nbsp; ESPECIAL TURNO VESPERTINO<\/strong><\/p>\n\n\n\n<p><strong>FORMULARIOS DE REINSCRIPCI\u00d3N PARA CURSAR MATERIAS EN CICLO LECTIVO 2026 &#8211;&nbsp; F\u00cdSICA TURNO VESPERTINO<\/strong><\/p>\n\n\n\n<p><strong>FORMULARIOS DE REINSCRIPCI\u00d3N PARA CURSAR MATERIAS EN CICLO LECTIVO 2026 &#8211;&nbsp; PRIMARIA TURNO VESPERTINO<\/strong><\/p>\n\n\n\n<p><strong>FORMULARIOS DE REINSCRIPCI\u00d3N PARA CURSAR MATERIAS EN CICLO LECTIVO 2026 &#8211;&nbsp; PRIMARIA TURNO TARDE<\/strong><\/p>\n\n\n\n<p><strong>FORMULARIOS DE REINSCRIPCI\u00d3N PARA CURSAR MATERIAS EN CICLO LECTIVO 2026 &#8211;&nbsp; PRIMARIA TURNO MA\u00d1ANA<\/strong><\/p>\n\n\n\n<p>IMPORTANTE: No olvides que el tr\u00e1mite tiene una segunda etapa PRESENCIAL, encontrar\u00e1s las orientaciones en el siguiente link:<\/p>\n\n\n\n<h2 class=\"wp-block-heading\">REINSCRIPCIONES 2026 &#8211; SEGUNDA ETAPA &#8211; VALIDACI\u00d3N DE DATOS EN FORMA PRESENCIAL<\/h2>\n","protected":false},"excerpt":{"rendered":"<p>Para mejorar y facilitar el proceso de reinscripci\u00f3n en las Unidades Curriculares se han modificado los formularios de modo que se puedan completar de forma r\u00e1pida y sencilla por materia que deseas cursar en el Ciclo Lectivo 2026. Para completar los formularios es importante que revises con ATENCI\u00d3N la carrera, a\u00f1o, divisi\u00f3n y nombre de &#8230; <a title=\"Reinscripciones 2026 &#8211; Primera etapa- Completar formularios\" class=\"read-more\" href=\"https:\/\/isfd112-bue.infd.edu.ar\/sitio\/reinscripciones-2026-primera-etapa-completar-formularios\/\" aria-label=\"More on Reinscripciones 2026 &#8211; Primera etapa- Completar formularios\">[+]<\/a><\/p>\n","protected":false},"author":2232,"featured_media":0,"parent":0,"menu_order":0,"comment_status":"closed","ping_status":"closed","template":"","meta":[],"acf":[],"_links":{"self":[{"href":"https:\/\/isfd112-bue.infd.edu.ar\/sitio\/wp-json\/wp\/v2\/pages\/12050"}],"collection":[{"href":"https:\/\/isfd112-bue.infd.edu.ar\/sitio\/wp-json\/wp\/v2\/pages"}],"about":[{"href":"https:\/\/isfd112-bue.infd.edu.ar\/sitio\/wp-json\/wp\/v2\/types\/page"}],"author":[{"embeddable":true,"href":"https:\/\/isfd112-bue.infd.edu.ar\/sitio\/wp-json\/wp\/v2\/users\/2232"}],"replies":[{"embeddable":true,"href":"https:\/\/isfd112-bue.infd.edu.ar\/sitio\/wp-json\/wp\/v2\/comments?post=12050"}],"version-history":[{"count":4,"href":"https:\/\/isfd112-bue.infd.edu.ar\/sitio\/wp-json\/wp\/v2\/pages\/12050\/revisions"}],"predecessor-version":[{"id":12081,"href":"https:\/\/isfd112-bue.infd.edu.ar\/sitio\/wp-json\/wp\/v2\/pages\/12050\/revisions\/12081"}],"wp:attachment":[{"href":"https:\/\/isfd112-bue.infd.edu.ar\/sitio\/wp-json\/wp\/v2\/media?parent=12050"}],"curies":[{"name":"wp","href":"https:\/\/api.w.org\/{rel}","templated":true}]}}