{"id":12088,"date":"2026-02-16T23:22:52","date_gmt":"2026-02-17T02:22:52","guid":{"rendered":"https:\/\/isfd112-bue.infd.edu.ar\/sitio\/?page_id=12088"},"modified":"2026-02-20T16:01:20","modified_gmt":"2026-02-20T19:01:20","slug":"primaria-turno-manana-formularios-de-reinscripcion-2026","status":"publish","type":"page","link":"https:\/\/isfd112-bue.infd.edu.ar\/sitio\/primaria-turno-manana-formularios-de-reinscripcion-2026\/","title":{"rendered":"Primaria Turno Ma\u00f1ana &#8211; Formularios de Reinscripci\u00f3n 2026"},"content":{"rendered":"\n<p><strong>FORMULARIOS DE REINSCRIPCI\u00d3N PARA CURSAR MATERIAS EN CICLO LECTIVO 2026 &#8211;&nbsp; PRIMARIA TURNO MA\u00d1ANA<\/strong><strong><\/strong><\/p>\n\n\n\n<p>Deben completarse los formularios de todas las materias que deseas cursar en Ciclo lectivo 2026.<\/p>\n\n\n\n<p>Para concluir el tr\u00e1mite de Reinscripci\u00f3n <strong>deben acercarse en forma presencial<\/strong> en el ISFD 112 (Arg\u00fcero 1138, San Miguel) <strong>EN EL D\u00cdA Y HORARIO INDICADO EN EL FORMULARIO<\/strong> para la revisi\u00f3n de los datos declarados.<\/p>\n\n\n\n<p><strong>Aclaraci\u00f3n importante<\/strong>: se han modificado los formularios de modo que se puedan completar de forma r\u00e1pida y sencilla. En relaci\u00f3n al tr\u00e1mite presencial tambi\u00e9n se ha modificado la gesti\u00f3n para que sea de modo \u00e1gil y pueda realizarse en pocos minutos. Quienes puedan colaborar el d\u00eda de la Reinscripci\u00f3n estar\u00e1n representantes de nuestra Asociaci\u00f3n Cooperadora con el Bono Contribuci\u00f3n anual de $ 30.000 o lo que cada uno\/a pueda contribuir.<\/p>\n\n\n\n<p>\u00a1Muchas gracias por ser parte de la Comunidad del 112!<\/p>\n\n\n\n<p>Cualquier consulta pueden acercarse al equipo de preceptores\/as de cada turno y carrera, o por mail isfd112sanmiguel@abc.gob.ar<\/p>\n\n\n\n<figure class=\"wp-block-table\"><table><tbody><tr><td>A\u00d1O \/ DIVISI\u00d3N<\/td><td>MATERIA \/ DOCENTE<\/td><td>D\u00cdA \/ HORARIO<\/td><td>FORMULARIO<\/td><\/tr><tr><td>1\u00b0 2\u00b0 <strong>RECURSANTES<\/strong> &nbsp;<\/td><td>DID\u00c1CTICA GENERAL &#8211; &nbsp;<\/td><td>6\/3\/26 de 9 a 11 hs<\/td><td><a href=\"https:\/\/docs.google.com\/forms\/d\/e\/1FAIpQLSdYQqM1Vvn0oFGJYqxAIvU7u-tnyf0Kb5gdIacxF6t8Z8N20A\/viewform?usp=sharing&amp;ouid=108280219114628703778\">https:\/\/docs.google.com\/forms\/d\/e\/1FAIpQLSdYQqM1Vvn0oFGJYqxAIvU7u-tnyf0Kb5gdIacxF6t8Z8N20A\/viewform?usp=sharing&amp;ouid=108280219114628703778<\/a><\/td><\/tr><tr><td>1\u00b0 2\u00b0<strong> RECURSANTES<\/strong> &nbsp;<\/td><td>ARTE Y EDUCACI\u00d3N &#8211; GALARZO &nbsp; &nbsp;<\/td><td>6\/3\/26 de 9 a 11 hs<\/td><td><a href=\"https:\/\/docs.google.com\/forms\/d\/e\/1FAIpQLSflQe_5qaru6E8Uyboplezt0klZl0A-aE-NAC5Klt_uwe6o3g\/viewform?usp=sharing&amp;ouid=108280219114628703778\">https:\/\/docs.google.com\/forms\/d\/e\/1FAIpQLSflQe_5qaru6E8Uyboplezt0klZl0A-aE-NAC5Klt_uwe6o3g\/viewform?usp=sharing&amp;ouid=108280219114628703778<\/a><\/td><\/tr><tr><td>1\u00b0 2\u00b0<strong> RECURSANTES<\/strong> &nbsp;<\/td><td>FILOSOF\u00cdA \u2013 BALS &nbsp;<\/td><td>6\/3\/26 de 9 a 11 hs<\/td><td><a href=\"https:\/\/docs.google.com\/forms\/d\/e\/1FAIpQLScT2qMPEetKjF-orED5fCatrEqNICPuxwRE_nu2ra2ZobVeAA\/viewform?usp=sharing&amp;ouid=108280219114628703778\">https:\/\/docs.google.com\/forms\/d\/e\/1FAIpQLScT2qMPEetKjF-orED5fCatrEqNICPuxwRE_nu2ra2ZobVeAA\/viewform?usp=sharing&amp;ouid=108280219114628703778<\/a><\/td><\/tr><tr><td>1\u00b0 2\u00b0<strong> RECURSANTES<\/strong> &nbsp;<\/td><td>CORPOREIDAD Y MOTRICIDAD \u2013 REY GRETEL &nbsp;<\/td><td>6\/3\/26 de 9 a 11 hs<\/td><td><a href=\"https:\/\/docs.google.com\/forms\/d\/e\/1FAIpQLSfzfpMmf72b8d9eKMyiF8uN0hGNg2sUZhXemhXQmzXLQqc3BA\/viewform?usp=sharing&amp;ouid=108280219114628703778\">https:\/\/docs.google.com\/forms\/d\/e\/1FAIpQLSfzfpMmf72b8d9eKMyiF8uN0hGNg2sUZhXemhXQmzXLQqc3BA\/viewform?usp=sharing&amp;ouid=108280219114628703778<\/a><\/td><\/tr><tr><td>1\u00b0 2\u00b0<strong> RECURSANTES<\/strong> &nbsp;<\/td><td>TALLER DE PENSAMIENTO L\u00d3GICO MATEM\u00c1TICO \u2013 MONTAGNA FLORES &nbsp; &nbsp;<\/td><td>6\/3\/26 de 9 a 11 hs<\/td><td><a href=\"https:\/\/docs.google.com\/forms\/d\/e\/1FAIpQLSdI6_tZStQyEwNGYgM26wEn5vwbqMO_8bWNWQxEYIo5l2NdHg\/viewform?usp=sharing&amp;ouid=108280219114628703778\">https:\/\/docs.google.com\/forms\/d\/e\/1FAIpQLSdI6_tZStQyEwNGYgM26wEn5vwbqMO_8bWNWQxEYIo5l2NdHg\/viewform?usp=sharing&amp;ouid=108280219114628703778<\/a><\/td><\/tr><tr><td>1\u00b0 2\u00b0<strong> RECURSANTES<\/strong> &nbsp;<\/td><td>PSICOLOG\u00cdA DEL DESARROLLO Y APRENDIZAJE I &#8211; GONZALEZ<\/td><td>6\/3\/26 de 9 a 11 hs<\/td><td><a href=\"https:\/\/docs.google.com\/forms\/d\/e\/1FAIpQLSfSbqaUD0GUcdvHDy2hFuauSFb1akbtn93FPVeRRJzVv9VruQ\/viewform?usp=sharing&amp;ouid=108280219114628703778\">https:\/\/docs.google.com\/forms\/d\/e\/1FAIpQLSfSbqaUD0GUcdvHDy2hFuauSFb1akbtn93FPVeRRJzVv9VruQ\/viewform?usp=sharing&amp;ouid=108280219114628703778<\/a><\/td><\/tr><tr><td>1\u00b0 2\u00b0<strong> RECURSANTES<\/strong> &nbsp;<\/td><td>TALLER DE LECTURA, ESCRITURA Y ORALIDAD \u2013 SANTA CLARA &nbsp; &nbsp;<\/td><td>6\/3\/26 de 9 a 11 hs<\/td><td><a href=\"https:\/\/docs.google.com\/forms\/d\/e\/1FAIpQLSf3p2hjo0Cmtxty-VjOQhesA_91s_D3WOLYMpdXlHa0y3tdCg\/viewform?usp=sharing&amp;ouid=108280219114628703778\">https:\/\/docs.google.com\/forms\/d\/e\/1FAIpQLSf3p2hjo0Cmtxty-VjOQhesA_91s_D3WOLYMpdXlHa0y3tdCg\/viewform?usp=sharing&amp;ouid=108280219114628703778<\/a><\/td><\/tr><tr><td>1\u00b0 2\u00b0<strong> RECURSANTES<\/strong> &nbsp;<\/td><td>TADI TEATRO &#8211; ACEVEDO &nbsp;<\/td><td>6\/3\/26 de 9 a 11 hs<\/td><td><a href=\"https:\/\/docs.google.com\/forms\/d\/e\/1FAIpQLSeHQJ_Tbs29m_2TjN4nvSAQYQmaiNN3lIMi3gtmSehJ_653-g\/viewform?usp=sharing&amp;ouid=108280219114628703778\">https:\/\/docs.google.com\/forms\/d\/e\/1FAIpQLSeHQJ_Tbs29m_2TjN4nvSAQYQmaiNN3lIMi3gtmSehJ_653-g\/viewform?usp=sharing&amp;ouid=108280219114628703778<\/a><\/td><\/tr><tr><td>1\u00b0 2\u00b0<strong> RECURSANTES<\/strong> &nbsp;<\/td><td>PEDAGOG\u00cdA &#8211; BORELLO &nbsp; &nbsp;<\/td><td>6\/3\/26 de 9 a 11 hs<\/td><td><a href=\"https:\/\/docs.google.com\/forms\/d\/e\/1FAIpQLScXBJHkycwdCEKCxgb6K6kAoTy5yAz8QHk_ZXjzA1d_p3AXkg\/viewform?usp=sharing&amp;ouid=108280219114628703778\">https:\/\/docs.google.com\/forms\/d\/e\/1FAIpQLScXBJHkycwdCEKCxgb6K6kAoTy5yAz8QHk_ZXjzA1d_p3AXkg\/viewform?usp=sharing&amp;ouid=108280219114628703778<\/a><\/td><\/tr><tr><td>1\u00b0 2\u00b0<strong> RECURSANTES<\/strong> &nbsp;<\/td><td>AN\u00c1LISIS DEL MUNDO CONTEMPOR\u00c1NEO &#8211; MARTINENCO &nbsp; &nbsp;<\/td><td>6\/3\/26 de 9 a 11 hs<\/td><td><a href=\"https:\/\/docs.google.com\/forms\/d\/e\/1FAIpQLScWmPwGYcg6NnNJ8UJCXccyAWOCp4Fbl97YCKqZaSahm-7XsA\/viewform?usp=sharing&amp;ouid=108280219114628703778\">https:\/\/docs.google.com\/forms\/d\/e\/1FAIpQLScWmPwGYcg6NnNJ8UJCXccyAWOCp4Fbl97YCKqZaSahm-7XsA\/viewform?usp=sharing&amp;ouid=108280219114628703778<\/a><\/td><\/tr><tr><td>1\u00b0 2\u00b0<strong> RECURSANTES<\/strong> &nbsp;<\/td><td>CAMPO DE LA PR\u00c1CTICA DOCENTE 1 &nbsp;<\/td><td>6\/3\/26 de 9 a 11 hs<\/td><td><a href=\"https:\/\/docs.google.com\/forms\/d\/e\/1FAIpQLSdZ-HmH5RXcqJVTgm_JmkLpi2is29TPoeT_io2CeWal_D9UFA\/viewform?usp=sharing&amp;ouid=108280219114628703778\">https:\/\/docs.google.com\/forms\/d\/e\/1FAIpQLSdZ-HmH5RXcqJVTgm_JmkLpi2is29TPoeT_io2CeWal_D9UFA\/viewform?usp=sharing&amp;ouid=108280219114628703778<\/a><\/td><\/tr><tr><td>2\u00b0 3\u00b0<\/td><td>DID\u00c1CTICA DE LA MATEM\u00c1TICA I&nbsp; &#8211; FIERRO &nbsp;<\/td><td>9\/3\/26 de 9 a 11 hs<\/td><td><a href=\"https:\/\/docs.google.com\/forms\/d\/e\/1FAIpQLSe4ZYacoiDkzWGfUxlL77Z_xqrvplJd6SAdgUK5ryMP3k0Rpw\/viewform?usp=sharing&amp;ouid=108280219114628703778\">https:\/\/docs.google.com\/forms\/d\/e\/1FAIpQLSe4ZYacoiDkzWGfUxlL77Z_xqrvplJd6SAdgUK5ryMP3k0Rpw\/viewform?usp=sharing&amp;ouid=108280219114628703778<\/a><\/td><\/tr><tr><td>2\u00b0 3\u00b0<\/td><td>PSICOLOG\u00cdA SOCIAL E INSTITUCIONAL &#8211; GONZALEZ &nbsp;<\/td><td>9\/3\/26 de 9 a 11 hs<\/td><td><a href=\"https:\/\/docs.google.com\/forms\/d\/e\/1FAIpQLSdXKmDS3HYSwhsZ-iJoQQm8LLZE1W7Viw7aapfTVs2FaNSQ2g\/viewform?usp=sharing&amp;ouid=108280219114628703778\">https:\/\/docs.google.com\/forms\/d\/e\/1FAIpQLSdXKmDS3HYSwhsZ-iJoQQm8LLZE1W7Viw7aapfTVs2FaNSQ2g\/viewform?usp=sharing&amp;ouid=108280219114628703778<\/a><\/td><\/tr><tr><td>2\u00b0 3\u00b0<\/td><td>DID\u00c1CTICA DE LAS CIENCIAS SOCIALES I &#8211; SUAREZ &nbsp; &nbsp;<\/td><td>9\/3\/26 de 9 a 11 hs<\/td><td><a href=\"https:\/\/docs.google.com\/forms\/d\/e\/1FAIpQLScCIiyvXBpXKePsEw0VDTUFVKetQnXsh3Xr_RLz4UVRUUKBHw\/viewform?usp=sharing&amp;ouid=108280219114628703778\">https:\/\/docs.google.com\/forms\/d\/e\/1FAIpQLScCIiyvXBpXKePsEw0VDTUFVKetQnXsh3Xr_RLz4UVRUUKBHw\/viewform?usp=sharing&amp;ouid=108280219114628703778<\/a><\/td><\/tr><tr><td>2\u00b0 3\u00b0<\/td><td>DID\u00c1CTICA DE LAS PR\u00c1CTICAS DEL LENGUAJE I &#8211; TRABADELO &nbsp; &nbsp;<\/td><td>9\/3\/26 de 9 a 11 hs<\/td><td><a href=\"https:\/\/docs.google.com\/forms\/d\/e\/1FAIpQLSfhycgQm5d7r1k9gqf8r-p2AenwQwGdOT4Hmf4dlYTET37nEA\/viewform?usp=sharing&amp;ouid=108280219114628703778\">https:\/\/docs.google.com\/forms\/d\/e\/1FAIpQLSfhycgQm5d7r1k9gqf8r-p2AenwQwGdOT4Hmf4dlYTET37nEA\/viewform?usp=sharing&amp;ouid=108280219114628703778<\/a><\/td><\/tr><tr><td>2\u00b0 3\u00b0<\/td><td>DID\u00c1CTICA DE LAS CIENCIAS NATURALES I &#8211; FAVARO &nbsp; &nbsp;<\/td><td>9\/3\/26 de 9 a 11 hs<\/td><td><a href=\"https:\/\/docs.google.com\/forms\/d\/e\/1FAIpQLSe0V0LZKKt81jdQI7uZVuraQCI_5mK9PpA8yiCtJEOoQygfvA\/viewform?usp=sharing&amp;ouid=108280219114628703778\">https:\/\/docs.google.com\/forms\/d\/e\/1FAIpQLSe0V0LZKKt81jdQI7uZVuraQCI_5mK9PpA8yiCtJEOoQygfvA\/viewform?usp=sharing&amp;ouid=108280219114628703778<\/a><\/td><\/tr><tr><td>2\u00b0 3\u00b0<\/td><td>PSICOLOG\u00cdA DEL DESARROLLO Y APRENDIZAJE II &#8211; FLEITA &nbsp;<\/td><td>9\/3\/26 de 9 a 11 hs<\/td><td><a href=\"https:\/\/docs.google.com\/forms\/d\/e\/1FAIpQLSc_VcrUIJNVsg4Q2HFgOj5rcSdbuvVTgLlmrStUaV8T8viwEw\/viewform?usp=sharing&amp;ouid=108280219114628703778\">https:\/\/docs.google.com\/forms\/d\/e\/1FAIpQLSc_VcrUIJNVsg4Q2HFgOj5rcSdbuvVTgLlmrStUaV8T8viwEw\/viewform?usp=sharing&amp;ouid=108280219114628703778<\/a><\/td><\/tr><tr><td>2\u00b0 3\u00b0<\/td><td>TEOR\u00cdAS SOCIOPOL\u00cdTICAS Y EDUCACI\u00d3N &#8211; DOLDAN &nbsp; &nbsp;<\/td><td>9\/3\/26 de 9 a 11 hs<\/td><td><a href=\"https:\/\/docs.google.com\/forms\/d\/e\/1FAIpQLSe15XPGMvNOBPhysgwXuJ78UIrz1Yfka1_FMN_NIwj90VjIbw\/viewform?usp=sharing&amp;ouid=108280219114628703778\">https:\/\/docs.google.com\/forms\/d\/e\/1FAIpQLSe15XPGMvNOBPhysgwXuJ78UIrz1Yfka1_FMN_NIwj90VjIbw\/viewform?usp=sharing&amp;ouid=108280219114628703778<\/a><\/td><\/tr><tr><td>2\u00b0 3\u00b0<\/td><td>EDUCACI\u00d3N ART\u00cdSTICA &#8211; LOHIOL &nbsp;<\/td><td>9\/3\/26 de 9 a 11 hs<\/td><td><a href=\"https:\/\/docs.google.com\/forms\/d\/e\/1FAIpQLSeUoVrc0nyXtahx2C4lFUXNn33ZFiL9OJg59hpmmLfbofXO7Q\/viewform?usp=sharing&amp;ouid=108280219114628703778\">https:\/\/docs.google.com\/forms\/d\/e\/1FAIpQLSeUoVrc0nyXtahx2C4lFUXNn33ZFiL9OJg59hpmmLfbofXO7Q\/viewform?usp=sharing&amp;ouid=108280219114628703778<\/a><\/td><\/tr><tr><td>2\u00b0 3\u00b0<\/td><td>DID\u00c1CTICA Y CURRICULUM &#8211; LOPEZ &nbsp; &nbsp;<\/td><td>9\/3\/26 de 9 a 11 hs<\/td><td><a href=\"https:\/\/docs.google.com\/forms\/d\/e\/1FAIpQLSc-FDgKr9jB9ZdQ4EX7BozTaevczn27Gs8D_QjZyjOTiiLwwQ\/viewform?usp=sharing&amp;ouid=108280219114628703778\">https:\/\/docs.google.com\/forms\/d\/e\/1FAIpQLSc-FDgKr9jB9ZdQ4EX7BozTaevczn27Gs8D_QjZyjOTiiLwwQ\/viewform?usp=sharing&amp;ouid=108280219114628703778<\/a><\/td><\/tr><tr><td>2\u00b0 3\u00b0<\/td><td>CULTURA, COMUNICACI\u00d3N Y EDUCACI\u00d3N &#8211; GODOY &nbsp; &nbsp;<\/td><td>9\/3\/26 de 9 a 11 hs<\/td><td><a href=\"https:\/\/docs.google.com\/forms\/d\/e\/1FAIpQLScd8TQqA6L3vA-DeuHd01_tzYppSlnWu6OZY_eg15ClflXg2g\/viewform?usp=sharing&amp;ouid=108280219114628703778\">https:\/\/docs.google.com\/forms\/d\/e\/1FAIpQLScd8TQqA6L3vA-DeuHd01_tzYppSlnWu6OZY_eg15ClflXg2g\/viewform?usp=sharing&amp;ouid=108280219114628703778<\/a><\/td><\/tr><tr><td>2\u00b0 3\u00b0<\/td><td>CAMPO DE LA PR\u00c1CTICA DOCENTE 2<\/td><td>9\/3\/26 de 9 a 11 hs<\/td><td><a href=\"https:\/\/docs.google.com\/forms\/d\/e\/1FAIpQLSec5chxGvd_1pEzgeIbNrjW88hw7PVmyj-lHlcguG610hl2uA\/viewform?usp=sharing&amp;ouid=108280219114628703778\">https:\/\/docs.google.com\/forms\/d\/e\/1FAIpQLSec5chxGvd_1pEzgeIbNrjW88hw7PVmyj-lHlcguG610hl2uA\/viewform?usp=sharing&amp;ouid=108280219114628703778<\/a><\/td><\/tr><tr><td>2\u00b0 3\u00b0<\/td><td>TRAFO<\/td><td>9\/3\/26 de 9 a 11 hs<\/td><td><a rel=\"noreferrer noopener\" href=\"https:\/\/docs.google.com\/forms\/d\/e\/1FAIpQLSfdxneJqs-LklX-b1gdE0acSGjGHfszwDwyAwWQGAbE0pgUzA\/viewform?usp=sharing&amp;ouid=108280219114628703778\" target=\"_blank\">https:\/\/docs.google.com\/forms\/d\/e\/1FAIpQLSfdxneJqs-LklX-b1gdE0acSGjGHfszwDwyAwWQGAbE0pgUzA\/viewform?usp=sharing&amp;ouid=108280219114628703778<\/a><\/td><\/tr><tr><td>3\u00b0 3\u00b0<\/td><td>EDUCACI\u00d3N F\u00cdSICA ESCOLAR &#8211; SCHAMRAY &nbsp;<\/td><td>25\/2\/26 de 9 a 11 hs<\/td><td><a href=\"https:\/\/docs.google.com\/forms\/d\/e\/1FAIpQLScnFuorzwIxwx-J--uhco4e4quTM_-NxbXt5pXjnMDTyjtroQ\/viewform?usp=sharing&amp;ouid=108280219114628703778\">https:\/\/docs.google.com\/forms\/d\/e\/1FAIpQLScnFuorzwIxwx-J&#8211;uhco4e4quTM_-NxbXt5pXjnMDTyjtroQ\/viewform?usp=sharing&amp;ouid=108280219114628703778<\/a><\/td><\/tr><tr><td>3\u00b0 3\u00b0<\/td><td>MEDIOS AUDIOVISUALES, TICS Y EDUCACI\u00d3N &#8211; BORELLO &nbsp;<\/td><td>25\/2\/26 de 9 a 11 hs<\/td><td><a href=\"https:\/\/docs.google.com\/forms\/d\/e\/1FAIpQLSfGWrCbCHSYpwA4vPohfxiUEwzCq4hwxh5Exs8sKOt5beY14g\/viewform?usp=sharing&amp;ouid=108280219114628703778\">https:\/\/docs.google.com\/forms\/d\/e\/1FAIpQLSfGWrCbCHSYpwA4vPohfxiUEwzCq4hwxh5Exs8sKOt5beY14g\/viewform?usp=sharing&amp;ouid=108280219114628703778<\/a><\/td><\/tr><tr><td>3\u00b0 3\u00b0<\/td><td>POL\u00cdTICA, LEGISLACI\u00d3N Y ADMINSTRACI\u00d3N DEL TRABAJO ESCOLAR &#8211; NIEVAS &nbsp; &nbsp;<\/td><td>25\/2\/26 de 9 a 11 hs<\/td><td><a href=\"https:\/\/docs.google.com\/forms\/d\/e\/1FAIpQLSfL7_IM-ZKzuu9bDUyL0HYUQ3yI3_JpBlYwsHTR9Rp7as9X0A\/viewform?usp=sharing&amp;ouid=108280219114628703778\">https:\/\/docs.google.com\/forms\/d\/e\/1FAIpQLSfL7_IM-ZKzuu9bDUyL0HYUQ3yI3_JpBlYwsHTR9Rp7as9X0A\/viewform?usp=sharing&amp;ouid=108280219114628703778<\/a><\/td><\/tr><tr><td>3\u00b0 3\u00b0<\/td><td>HISTORIA Y PROSPECTIVA DE LA EDUCACI\u00d3N &#8211; DOLDAN &nbsp;<\/td><td>25\/2\/26 de 9 a 11 hs<\/td><td><a href=\"https:\/\/docs.google.com\/forms\/d\/e\/1FAIpQLScriDLhQE4GVZ9vljEubOfvfaAZ4SgXlDWFyMWEjcGtchmqRg\/viewform?usp=sharing&amp;ouid=108280219114628703778\">https:\/\/docs.google.com\/forms\/d\/e\/1FAIpQLScriDLhQE4GVZ9vljEubOfvfaAZ4SgXlDWFyMWEjcGtchmqRg\/viewform?usp=sharing&amp;ouid=108280219114628703778<\/a><\/td><\/tr><tr><td>3\u00b0 3\u00b0<\/td><td>DID\u00c1CTICA DE LA MATEM\u00c1TICA II &#8211; TORRES &nbsp; &nbsp;<\/td><td>25\/2\/26 de 9 a 11 hs<\/td><td><a href=\"https:\/\/docs.google.com\/forms\/d\/e\/1FAIpQLScWWFNYar6reVrzQu8QVMPfoEqZj185AkT8Bq-dIcjSee7pag\/viewform?usp=sharing&amp;ouid=108280219114628703778\">https:\/\/docs.google.com\/forms\/d\/e\/1FAIpQLScWWFNYar6reVrzQu8QVMPfoEqZj185AkT8Bq-dIcjSee7pag\/viewform?usp=sharing&amp;ouid=108280219114628703778<\/a><\/td><\/tr><tr><td>3\u00b0 3\u00b0<\/td><td>TRAFO&nbsp; &#8211; RODRIGUEZ &nbsp; &nbsp;<\/td><td>25\/2\/26 de 9 a 11 hs<\/td><td><a href=\"https:\/\/docs.google.com\/forms\/d\/e\/1FAIpQLSfeH-3wiJRCsT_HkGjDQI-37nR0SXRF6iaHX2C4PVuYqEV2iQ\/viewform?usp=sharing&amp;ouid=108280219114628703778\">https:\/\/docs.google.com\/forms\/d\/e\/1FAIpQLSfeH-3wiJRCsT_HkGjDQI-37nR0SXRF6iaHX2C4PVuYqEV2iQ\/viewform?usp=sharing&amp;ouid=108280219114628703778<\/a><\/td><\/tr><tr><td>3\u00b0 3\u00b0<\/td><td>DID\u00c1CTICA DE LAS CIENCIAS SOCIALES II &#8211; GUGLIELMONE &nbsp;<\/td><td>25\/2\/26 de 9 a 11 hs<\/td><td><a href=\"https:\/\/docs.google.com\/forms\/d\/e\/1FAIpQLSfD_7lbZ2ZjcTRjx39nMcANoaI7zjUbldW7s-NpdM7fWQ36Ng\/viewform?usp=sharing&amp;ouid=108280219114628703778\">https:\/\/docs.google.com\/forms\/d\/e\/1FAIpQLSfD_7lbZ2ZjcTRjx39nMcANoaI7zjUbldW7s-NpdM7fWQ36Ng\/viewform?usp=sharing&amp;ouid=108280219114628703778<\/a><\/td><\/tr><tr><td>3\u00b0 3\u00b0<\/td><td>DID\u00c1CTICA DE LAS CIENCIAS NATURALES II &#8211; FAVARO &nbsp; &nbsp;<\/td><td>25\/2\/26 de 9 a 11 hs<\/td><td><a href=\"https:\/\/docs.google.com\/forms\/d\/e\/1FAIpQLSdw2iVyCY1lKLrfjRD5vJ4j8KVew6NpjtlvjlZeoyCj5Or0qQ\/viewform?usp=sharing&amp;ouid=108280219114628703778\">https:\/\/docs.google.com\/forms\/d\/e\/1FAIpQLSdw2iVyCY1lKLrfjRD5vJ4j8KVew6NpjtlvjlZeoyCj5Or0qQ\/viewform?usp=sharing&amp;ouid=108280219114628703778<\/a><\/td><\/tr><tr><td>3\u00b0 3\u00b0<\/td><td>DID\u00c1CTICA DE LAS PR\u00c1CTICAS DEL LENGUAJE II &#8211; TRABADELO &nbsp; &nbsp;<\/td><td>25\/2\/26 de 9 a 11 hs<\/td><td><a href=\"https:\/\/docs.google.com\/forms\/d\/e\/1FAIpQLSeXFr9zH4NMhWH_TdJCi3lkxQPXGmJkVSKzKLlSju2AhqYMlA\/viewform?usp=sharing&amp;ouid=108280219114628703778\">https:\/\/docs.google.com\/forms\/d\/e\/1FAIpQLSeXFr9zH4NMhWH_TdJCi3lkxQPXGmJkVSKzKLlSju2AhqYMlA\/viewform?usp=sharing&amp;ouid=108280219114628703778<\/a><\/td><\/tr><tr><td>3\u00b0 3\u00b0<\/td><td>CONFIGURACIONES CULTURALES DEL SUJETO EDUCATIVO DE PRIMARIA- BAEZA &nbsp; &nbsp;<\/td><td>25\/2\/26 de 9 a 11 hs<\/td><td><a href=\"https:\/\/docs.google.com\/forms\/d\/e\/1FAIpQLSeTP0udR_2_MuEX310uMlhDiJzCR2nL3SOyF4rb4oXDWf9vDg\/viewform?usp=sharing&amp;ouid=108280219114628703778\">https:\/\/docs.google.com\/forms\/d\/e\/1FAIpQLSeTP0udR_2_MuEX310uMlhDiJzCR2nL3SOyF4rb4oXDWf9vDg\/viewform?usp=sharing&amp;ouid=108280219114628703778<\/a><\/td><\/tr><tr><td>3\u00b0 3\u00b0<\/td><td>CAMPO DE LA PR\u00c1CTICA DOCENTE 3 &nbsp; &nbsp;<\/td><td>25\/2\/26 de 9 a 11 hs<\/td><td><a href=\"https:\/\/docs.google.com\/forms\/d\/e\/1FAIpQLSeQHA94zD1R2DlcJmnxv6BOxiPgafo_478mN7UwNubnvFEOSQ\/viewform?usp=sharing&amp;ouid=108280219114628703778\">https:\/\/docs.google.com\/forms\/d\/e\/1FAIpQLSeQHA94zD1R2DlcJmnxv6BOxiPgafo_478mN7UwNubnvFEOSQ\/viewform?usp=sharing&amp;ouid=108280219114628703778<\/a><\/td><\/tr><tr><td>4\u00b0 3\u00b0<\/td><td>REFLEXI\u00d3N FILOS\u00d3FICA DE LA EDUCACI\u00d3N &#8211; RUGGIERO &nbsp;<\/td><td>27\/2\/26 de 9 a 11 hs<\/td><td><a href=\"https:\/\/docs.google.com\/forms\/d\/e\/1FAIpQLSeIfy1DyCBjer_jLBFJ4X7ifopHIeYFjGxXj3XL0MPh8LsKzQ\/viewform?usp=sharing&amp;ouid=108280219114628703778\">https:\/\/docs.google.com\/forms\/d\/e\/1FAIpQLSeIfy1DyCBjer_jLBFJ4X7ifopHIeYFjGxXj3XL0MPh8LsKzQ\/viewform?usp=sharing&amp;ouid=108280219114628703778<\/a><\/td><\/tr><tr><td>4\u00b0 3\u00b0<\/td><td>ATENEO DE CIENCIAS SOCIALES -GONZALEZ &nbsp;<\/td><td>27\/2\/26 de 9 a 11 hs<\/td><td><a href=\"https:\/\/docs.google.com\/forms\/d\/e\/1FAIpQLScKYaF9yitB7CeHx8fTUEKwrNui3-U_kob7IW69Ej4J2smUHw\/viewform?usp=sharing&amp;ouid=108280219114628703778\">https:\/\/docs.google.com\/forms\/d\/e\/1FAIpQLScKYaF9yitB7CeHx8fTUEKwrNui3-U_kob7IW69Ej4J2smUHw\/viewform?usp=sharing&amp;ouid=108280219114628703778<\/a><\/td><\/tr><tr><td>4\u00b0 3\u00b0<\/td><td>ATENEO DE MATEM\u00c1TICA &#8211; FIERRO &nbsp;<\/td><td>27\/2\/26 de 9 a 11 hs<\/td><td><a href=\"https:\/\/docs.google.com\/forms\/d\/e\/1FAIpQLSefi8wP1zTxFMebbVb-pNQIVIbVY1cJaREQdTeWe5xco8eV_Q\/viewform?usp=sharing&amp;ouid=108280219114628703778\">https:\/\/docs.google.com\/forms\/d\/e\/1FAIpQLSefi8wP1zTxFMebbVb-pNQIVIbVY1cJaREQdTeWe5xco8eV_Q\/viewform?usp=sharing&amp;ouid=108280219114628703778<\/a><\/td><\/tr><tr><td>4\u00b0 3\u00b0<\/td><td>ATENEO DE CIENCIAS NATURALES &#8211; FAVARO &nbsp; &nbsp;<\/td><td>27\/2\/26 de 9 a 11 hs<\/td><td><a href=\"https:\/\/docs.google.com\/forms\/d\/e\/1FAIpQLSdz7yd_6gJoVl4nyfXD4jLy_Y0PV2s6w2EHftibiDMdPgxbUw\/viewform?usp=sharing&amp;ouid=108280219114628703778\">https:\/\/docs.google.com\/forms\/d\/e\/1FAIpQLSdz7yd_6gJoVl4nyfXD4jLy_Y0PV2s6w2EHftibiDMdPgxbUw\/viewform?usp=sharing&amp;ouid=108280219114628703778<\/a><\/td><\/tr><tr><td>4\u00b0 3\u00b0<\/td><td>DIMENSI\u00d3N \u00c9TICO POL\u00cdTICA DE LA PRAXIS DOCENTE &#8211; URQUIZA &nbsp;<\/td><td>27\/2\/26 de 9 a 11 hs<\/td><td><a href=\"https:\/\/docs.google.com\/forms\/d\/e\/1FAIpQLScP4xf07C5efMfPxjrbXpHgeFX57KpgI880vCudWfnrZwYf3Q\/viewform?usp=sharing&amp;ouid=108280219114628703778\">https:\/\/docs.google.com\/forms\/d\/e\/1FAIpQLScP4xf07C5efMfPxjrbXpHgeFX57KpgI880vCudWfnrZwYf3Q\/viewform?usp=sharing&amp;ouid=108280219114628703778<\/a><\/td><\/tr><tr><td>4\u00b0 3\u00b0<\/td><td>PEDAGOG\u00cdA CR\u00cdTICA DE LAS DIFERENCIAS &#8211; BUSTAMANTE &nbsp; &nbsp;<\/td><td>27\/2\/26 de 9 a 11 hs<\/td><td><a href=\"https:\/\/docs.google.com\/forms\/d\/e\/1FAIpQLSesRwYldL2RwNfkmHk9ESwVU-fkz4eFvT0ftGZ3IRGImB7mtA\/viewform?usp=sharing&amp;ouid=108280219114628703778\">https:\/\/docs.google.com\/forms\/d\/e\/1FAIpQLSesRwYldL2RwNfkmHk9ESwVU-fkz4eFvT0ftGZ3IRGImB7mtA\/viewform?usp=sharing&amp;ouid=108280219114628703778<\/a><\/td><\/tr><tr><td>4\u00b0 3\u00b0<\/td><td>ATENEO DE PR\u00c1CTICAS DEL LENGUAJE -BERNAR &nbsp;<\/td><td>27\/2\/26 de 9 a 11 hs<\/td><td><a href=\"https:\/\/docs.google.com\/forms\/d\/e\/1FAIpQLSfC12dGmf-ZaXDz4-kzA_JVa4nk-HDJZZHWu4ePwWdDqHaqEw\/viewform?usp=sharing&amp;ouid=108280219114628703778\">https:\/\/docs.google.com\/forms\/d\/e\/1FAIpQLSfC12dGmf-ZaXDz4-kzA_JVa4nk-HDJZZHWu4ePwWdDqHaqEw\/viewform?usp=sharing&amp;ouid=108280219114628703778<\/a><\/td><\/tr><tr><td>4\u00b0 3\u00b0<\/td><td>CAMPO DE LA PR\u00c1CTICA DOCENTE 4 &nbsp; &nbsp;<\/td><td>27\/2\/26 de 9 a 11 hs<\/td><td><a href=\"https:\/\/docs.google.com\/forms\/d\/e\/1FAIpQLSeP_7Iz_ALFPne6D-ITW_bHy3cj0G74t5Kyr3SQFeu4iu2Dyw\/viewform?usp=sharing&amp;ouid=108280219114628703778\">https:\/\/docs.google.com\/forms\/d\/e\/1FAIpQLSeP_7Iz_ALFPne6D-ITW_bHy3cj0G74t5Kyr3SQFeu4iu2Dyw\/viewform?usp=sharing&amp;ouid=108280219114628703778<\/a><\/td><\/tr><\/tbody><\/table><\/figure>\n","protected":false},"excerpt":{"rendered":"<p>FORMULARIOS DE REINSCRIPCI\u00d3N PARA CURSAR MATERIAS EN CICLO LECTIVO 2026 &#8211;&nbsp; PRIMARIA TURNO MA\u00d1ANA Deben completarse los formularios de todas las materias que deseas cursar en Ciclo lectivo 2026. Para concluir el tr\u00e1mite de Reinscripci\u00f3n deben acercarse en forma presencial en el ISFD 112 (Arg\u00fcero 1138, San Miguel) EN EL D\u00cdA Y HORARIO INDICADO EN &#8230; <a title=\"Primaria Turno Ma\u00f1ana &#8211; Formularios de Reinscripci\u00f3n 2026\" class=\"read-more\" href=\"https:\/\/isfd112-bue.infd.edu.ar\/sitio\/primaria-turno-manana-formularios-de-reinscripcion-2026\/\" aria-label=\"More on Primaria Turno Ma\u00f1ana &#8211; Formularios de Reinscripci\u00f3n 2026\">[+]<\/a><\/p>\n","protected":false},"author":2232,"featured_media":0,"parent":0,"menu_order":0,"comment_status":"closed","ping_status":"closed","template":"","meta":[],"acf":[],"_links":{"self":[{"href":"https:\/\/isfd112-bue.infd.edu.ar\/sitio\/wp-json\/wp\/v2\/pages\/12088"}],"collection":[{"href":"https:\/\/isfd112-bue.infd.edu.ar\/sitio\/wp-json\/wp\/v2\/pages"}],"about":[{"href":"https:\/\/isfd112-bue.infd.edu.ar\/sitio\/wp-json\/wp\/v2\/types\/page"}],"author":[{"embeddable":true,"href":"https:\/\/isfd112-bue.infd.edu.ar\/sitio\/wp-json\/wp\/v2\/users\/2232"}],"replies":[{"embeddable":true,"href":"https:\/\/isfd112-bue.infd.edu.ar\/sitio\/wp-json\/wp\/v2\/comments?post=12088"}],"version-history":[{"count":3,"href":"https:\/\/isfd112-bue.infd.edu.ar\/sitio\/wp-json\/wp\/v2\/pages\/12088\/revisions"}],"predecessor-version":[{"id":12195,"href":"https:\/\/isfd112-bue.infd.edu.ar\/sitio\/wp-json\/wp\/v2\/pages\/12088\/revisions\/12195"}],"wp:attachment":[{"href":"https:\/\/isfd112-bue.infd.edu.ar\/sitio\/wp-json\/wp\/v2\/media?parent=12088"}],"curies":[{"name":"wp","href":"https:\/\/api.w.org\/{rel}","templated":true}]}}