{"id":12110,"date":"2026-02-17T19:40:48","date_gmt":"2026-02-17T22:40:48","guid":{"rendered":"https:\/\/isfd112-bue.infd.edu.ar\/sitio\/?page_id=12110"},"modified":"2026-02-17T19:40:49","modified_gmt":"2026-02-17T22:40:49","slug":"hablemos-de-bienestar-mental","status":"publish","type":"page","link":"https:\/\/isfd112-bue.infd.edu.ar\/sitio\/hablemos-de-bienestar-mental\/","title":{"rendered":"Hablemos de Bienestar Mental"},"content":{"rendered":"\n<p><strong>INSTITUTO SUPERIOR DE FORMACI\u00d3N DOCENTE Nro 112<\/strong><\/p>\n\n\n\n<p><strong>HABLEMOS DE BIENESTAR MENTAL<\/strong><\/p>\n\n\n\n<p><strong>I &#8211; Fundamentaci\u00f3n:<\/strong><\/p>\n\n\n\n<p>La Ley Nacional de Salud Mental N\u00b0 26.657, sancionada en 2010 y reglamentada en 2013, reconoce a las personas con padecimientos subjetivos como sujetos de derecho y establece que los abordajes en salud mental deben ser interdisciplinarios, intersectoriales&nbsp;y comunitarios.&nbsp;<\/p>\n\n\n\n<p>En su art\u00edculo 3 define la salud mental como \u00abun proceso determinado por componentes hist\u00f3ricos, socioecon\u00f3micos, culturales, biol\u00f3gicos y psicol\u00f3gicos, cuya preservaci\u00f3n y mejoramiento implica una din\u00e1mica de construcci\u00f3n social vinculada a la concreci\u00f3n de los derechos humanos y sociales de toda persona\u00bb.<\/p>\n\n\n\n<p>En lugar de centrarse en aspectos meramente individuales y patol\u00f3gicos, se asume que se trata de una construcci\u00f3n singular y colectiva, en cuanto somos personas \u00fanicas, irrepetibles y diversas, que,&nbsp;adem\u00e1s, portamos marcas comunes, propias de la \u00e9poca en&nbsp;que vivimos.&nbsp;<\/p>\n\n\n\n<p><strong>&nbsp;Existen diversos marcos normativos que establecen la responsabilidad de la escuela en el cuidado de la salud mental de las y los estudiantes.<\/strong>&nbsp;La Ley de Educaci\u00f3n Nacional N\u00b0 26.206&nbsp;define como una de las obligaciones de las y los docentes del sistema educativo proteger y garantizar los derechos de ni\u00f1as, ni\u00f1os y adolescentes, en concordancia con lo dispuesto en la Ley N\u00b0 26.061, la cual establece que la escuela es corresponsable del cuidado tanto&nbsp;de su salud (art. 14), como de su integridad f\u00edsica, sexual, ps\u00edquica y moral (art. 9). Adem\u00e1s, existen normativas espec\u00edficas del \u00e1mbito educativo sobre diversas tem\u00e1ticas que aportan al marco legal para el abordaje de la salud mental integral en la escuela: Ley N\u00b0 26.150 de Educaci\u00f3n Sexual Integral;&nbsp;Ley N\u00b0 26.892 Para la promoci\u00f3n de la convivencia y el abordaje de la conflictividad social en las instituciones educativas;&nbsp;Ley N\u00b0 26.586, que crea el Programa Nacional de Educaci\u00f3n y Prevenci\u00f3n sobre las Adicciones y el Consumo Indebido de Drogas, etc. Otras normativas sobre determinadas problem\u00e1ticas de salud mental&nbsp;(como el Plan Integral para el Abordaje de los Consumos Problem\u00e1ticos, Ley N\u00b0 26.934, o la Ley Nacional N\u00ba&nbsp;27.130 de Prevenci\u00f3n del Suicidio)&nbsp;complementan los aportes de la Ley N\u00b0 26.657 y ubican la escuela como un espacio de cuidado de la salud mental.<\/p>\n\n\n\n<p>&nbsp;Trabajar los cuidados en salud mental desde la escuela es necesario porque&nbsp;<strong>educar y cuidar son acciones indisociables:&nbsp;<\/strong>las tareas&nbsp;que se despliegan a diario en estas instituciones para acompa\u00f1ar&nbsp;los recorridos de las y los estudiantes&nbsp;son en s\u00ed cuidados en salud mental. La perspectiva de derechos reconoce que educar y cuidar suceden de manera simult\u00e1nea, y por ello son acciones indisociables. En la vida escolar los cuidados son parte de la tarea cotidiana, no deber\u00edan pensarse como una \u00absobrecarga\u00bb&nbsp;de tarea, o pr\u00e1cticas ajenas a las habituales, sino como una responsabilidad, como parte del desempe\u00f1o profesional. Por ejemplo, cada&nbsp;vez que en las escuelas se acompa\u00f1an trayectorias educativas, se est\u00e1 disponible para la escucha, se piensan y repiensan las propuestas de ense\u00f1anza y evaluaci\u00f3n, se analizan las l\u00f3gicas y la cultura institucional.&nbsp;<\/p>\n\n\n\n<p>Hacer de la escuela un \u00e1mbito democr\u00e1tico, habitable, esperanzador e inclusivo, y donde los j\u00f3venes encuentran espacio para expresarse, para pensar su futuro en com\u00fan y aprendizajes significativos para su vida, son acciones de la prevenci\u00f3n inespec\u00edfica.<\/p>\n\n\n\n<p>El paradigma de las pol\u00edticas de cuidado sostiene el derecho y la obligaci\u00f3n de los ciudadanos y del Estado de cuidar, ser cuidados y autocuidarse. El cuidado implica ir m\u00e1s all\u00e1 de las obligaciones jur\u00eddicas sostenidas en la Convenci\u00f3n sobre los Derechos del Ni\u00f1o, y las leye nacional 26.061 y provincial 13.298 de Promoci\u00f3n y Protecci\u00f3n integral de Derechos de Ni\u00f1os y Adolescentes en el sentido de desarrollar un pacto comunitario de cuidado de los aspectos f\u00edsicos y emocionales de los adolescentes y los j\u00f3venes.<\/p>\n\n\n\n<p>Desde nuestra Instituci\u00f3n queremos profundizar la tem\u00e1tica del Bienestar Mental con los estudiantes de 1er a\u00f1o de la Carrera Educaci\u00f3n Primaria y Especial, para analizar la realidad actual desde nuestro espacio de Campo de la Pr\u00e1ctica Docente por medio de talleres para luego ser agentes multiplicadores en toda nuestra comunidad educativa.<\/p>\n\n\n\n<p><strong>II &#8211; Prop\u00f3sitos del proyecto:<\/strong><\/p>\n\n\n\n<p>&#8211; Fomentar el bienestar mental de los estudiantes de Educaci\u00f3n Primaria y &nbsp;Especial, proporcion\u00e1ndoles herramientas y conocimientos necesarios para enfrentar los desaf\u00edos emocionales y psicol\u00f3gicos.<\/p>\n\n\n\n<p>&#8211; Desarrollar un espacio seguro y acogedor dentro de la escuela donde los estudiantes puedan expresar sus sentimientos y preocupaciones.<\/p>\n\n\n\n<p>&#8211; Dentro del marco de Salud Mental, sensibilizar a la comunidad respecto a la problem\u00e1tica del suicidio y su rol en la prevenci\u00f3n del mismo.<\/p>\n\n\n\n<p>&#8211; Capacitar a los maestros en formaci\u00f3n en t\u00e9cnicas para el cuidado y apoyo emocional de sus futuros estudiantes.<\/p>\n\n\n\n<p>&#8211; Promover el intercambio de informaci\u00f3n entre la comunidad y nuestro Instituto para contribuir a la prevenci\u00f3n del suicidio.<\/p>\n\n\n\n<p>&#8211; Promover y fortalecer acciones inespec\u00edficas.<\/p>\n\n\n\n<p><strong>III &#8211; Actividades e implementaci\u00f3n de la propuesta:<\/strong><\/p>\n\n\n\n<p>1 &#8211; Talleres de Capacitaci\u00f3n, para estudiantes de 1er a\u00f1o de la Carrera de Educaci\u00f3n Primaria y Especial, a cargo de la Fundaci\u00f3n: \u201cAsociaci\u00f3n Comprender\u201d.<\/p>\n\n\n\n<p><strong>Representantes de la asociaci\u00f3n:<\/strong><\/p>\n\n\n\n<p>Liliana Dom\u00ednguez (Psicopedagoga)<\/p>\n\n\n\n<p>Claudia Bravo (Trabajadora Social)<\/p>\n\n\n\n<p>Jueves 22 de Mayo de 8.30 a 10 hs en CFP Nro. 402<\/p>\n\n\n\n<p>Viernes 23 de Mayo de 13.30 a 15 hs en CFP Nro. 402<\/p>\n\n\n\n<p><strong>Temario:<\/strong><\/p>\n\n\n\n<ul>\n<li>Salud Mental: factores protectores y de riesgo.<\/li>\n\n\n\n<li>Ley del Suicidio su historia y contexto.<\/li>\n\n\n\n<li>Intervenci\u00f3n Escolar.<\/li>\n<\/ul>\n\n\n\n<p>2 \u2013 Taller de reflexi\u00f3n filos\u00f3fico-pedag\u00f3gica a cargo del profesor Gustavo Ruggiero:<\/p>\n\n\n\n<p>* Junio 2025:<\/p>\n\n\n\n<p>. Los nuevos oprimidos hoy.<\/p>\n\n\n\n<p>. Padecimientos subjetivos.<\/p>\n\n\n\n<p>. Pedagog\u00eda de la Esperanza.<\/p>\n\n\n\n<p><strong>2 &#8211; Encuentro mensual para celebrar la vida:<\/strong><\/p>\n\n\n\n<p>En el marco de acciones de la prevenci\u00f3n inespec\u00edfica queremos celebrar la vida creando un espacio de convivencia, amorosidad y de alegr\u00eda de vivir como nos propone Paulo Freire en su 4ta Carta. \u201cEs viviendo \u2013 no importa si con deslices o incoherencias, pero s\u00ed dispuesto a superarlos \u2013 la humildad, la amorosidad, la valent\u00eda, la tolerancia, la competencia, la capacidad de decidir, la seguridad, la \u00e9tica, la justicia, la tensi\u00f3n entre la paciencia y la impaciencia, la parsimonia verbal, como contribuyo a crear la escuela alegre, a forjar la escuela feliz. La escuela que es aventura, que marcha, que no le tiene miedo al riesgo y que por eso mismo se niega a la inmovilidad. La escuela en la que se piensa, en la que se act\u00faa, en la que se crea, en la que se habla, en la que se ama, se adivina la escuela que apasionadamente le dice s\u00ed a la vida. Y no la escuela que enmudece y me enmudece\u201d.<\/p>\n\n\n\n<p>Proponemos celebrar los cumplea\u00f1os de todos los estudiantes y docentes una vez al mes o cada dos meses. Extender el recreo y crear un rinc\u00f3n folcl\u00f3rico en el patio de primaria para tomar unos mates y compartir pan o trotas fritas. Cada encuentro pude tener una tem\u00e1tica a trav\u00e9s de una expresi\u00f3n art\u00edstica: dibujo, m\u00fasica, expresi\u00f3n corporal (danza folcl\u00f3rica, biodanza o danzas circulares) y teatro.<\/p>\n\n\n\n<p>Celebramos la vida tambi\u00e9n con el Proyecto <strong><em>112 \u00c1rboles.<\/em><\/strong><strong> <em>Ense\u00f1ar y aprender a plantar y cuidar. <\/em><\/strong><em>Adherimos al cuidado de la vida humana y de la naturaleza.<\/em><strong><em><\/em><\/strong><\/p>\n\n\n\n<p><strong>3 &#8211; Actividad de extensi\u00f3n a la comunidad:<\/strong><\/p>\n\n\n\n<p><strong>10 de septiembre: D\u00eda Mundial y Nacional para la Prevenci\u00f3n del Suicidio<\/strong><\/p>\n\n\n\n<p>En la ma\u00f1ana volanteada por la plaza de San Miguel con la tem\u00e1tica de la Prevenci\u00f3n del Suicidio.<\/p>\n\n\n\n<p>En la tarde en nuestro Instituto de Formaci\u00f3n Docente Nro 112: antes de ingresar a las aulas proponemos un momento para hablar sobre la efem\u00e9ride en cuesti\u00f3n.<\/p>\n\n\n\n<p>Esta fecha es entonces&nbsp;una oportunidad para revisar&nbsp;las pr\u00e1cticas de cuidado&nbsp;que tienen lugar diariamente en las escuelas y poder&nbsp;acompa\u00f1ar situaciones de angustia, dolor y padecimiento de las y los estudiantes.<\/p>\n\n\n\n<p>Entendemos la&nbsp;<strong>pedagog\u00eda del cuidado<\/strong>&nbsp;como un modo de revisar&nbsp;el rol de la escuela, aquello que sucede en las instituciones, los gestos cotidianos, los v\u00ednculos que se generan y las problem\u00e1ticas que surgen. Pensar y hacer en la escuela desde esta perspectiva implica considerar que los cuidados est\u00e1n&nbsp;presentes en cada acci\u00f3n, cada clase, en los&nbsp;v\u00ednculos entre los distintos actores&nbsp;de la comunidad educativa.&nbsp;<\/p>\n\n\n\n<p>Finalizado el breve encuentro se realizar\u00e1 una volanteada sobre la Prevenci\u00f3n del Suicidio.<\/p>\n\n\n\n<p><strong>IV &#8211; Participantes:<\/strong><\/p>\n\n\n\n<ul>\n<li>Profesores de Campo de la Pr\u00e1ctica.<\/li>\n\n\n\n<li>Profesores de expresi\u00f3n art\u00edstica.<\/li>\n\n\n\n<li>Estudiantes de Educaci\u00f3n Primaria y Especial.<\/li>\n\n\n\n<li>Equipo directivo.<\/li>\n\n\n\n<li>Comunidad Educativa del Instituto Nro 112.<\/li>\n\n\n\n<li>Organizaci\u00f3n Comunitaria: \u201cAsociaci\u00f3n Comprender\u201d (Barrio Obligado \u2013 Bella Vista)<\/li>\n\n\n\n<li>Otros.<\/li>\n<\/ul>\n\n\n\n<p><strong>Bibliograf\u00eda:<\/strong><\/p>\n\n\n\n<ul>\n<li>Ley Nacional 27.130 de Prevenci\u00f3n del Suicidio<\/li>\n\n\n\n<li>Ley Provincial 14.991 Adhesi\u00f3n a la Ley Nacional 27.130 de<\/li>\n<\/ul>\n\n\n\n<p>Prevenci\u00f3n del Suicidio<\/p>\n\n\n\n<ul>\n<li>Ley Nacional 26.657 Derecho a la protecci\u00f3n de la Salud<\/li>\n<\/ul>\n\n\n\n<p>Mental<\/p>\n\n\n\n<ul>\n<li>Ley Provincial 14.580 Adhesi\u00f3n a la Ley Nacional 26.657<\/li>\n<\/ul>\n\n\n\n<p>Derecho a la protecci\u00f3n de la Salud Mental<\/p>\n\n\n\n<ul>\n<li>Ley Nacional 26.529 Derechos del Paciente en su Relaci\u00f3n<\/li>\n<\/ul>\n\n\n\n<p>con los Profesionales e Instituciones de la Salud<\/p>\n\n\n\n<ul>\n<li>Ley Provincial 14.464 Adhesi\u00f3n Ley Nacional 26.529<\/li>\n<\/ul>\n\n\n\n<p>Derechos del Paciente en su Relaci\u00f3n con los Profesionales<\/p>\n\n\n\n<p>e Instituciones de la Salud<\/p>\n\n\n\n<ul>\n<li>Ley Nacional 26.522 de Servicios de Comunicaci\u00f3n<\/li>\n<\/ul>\n\n\n\n<p>Audiovisual<\/p>\n\n\n\n<ul>\n<li>Ley Nacional 26.378 Apru\u00e9base la Convenci\u00f3n sobre los<\/li>\n<\/ul>\n\n\n\n<p>Derechos de las Personas con Discapacidad y su protocolo<\/p>\n\n\n\n<p>facultativo<\/p>\n\n\n\n<ul>\n<li>Ley Nacional 26.206 de Educaci\u00f3n<\/li>\n\n\n\n<li>Ley Provincial 13.688 de Educaci\u00f3n<\/li>\n\n\n\n<li>Ley Nacional 26.061 de Protecci\u00f3n integral de los derechos<\/li>\n<\/ul>\n\n\n\n<p>de ni\u00f1os, ni\u00f1a y adolescentes<\/p>\n\n\n\n<ul>\n<li>Ley Provincial 13.298 de Promoci\u00f3n y Protecci\u00f3n Integral de<\/li>\n<\/ul>\n\n\n\n<p>los Derechos de los Ni\u00f1os<\/p>\n\n\n\n<ul>\n<li>Ley Nacional 23.849 Apru\u00e9base la Convenci\u00f3n sobre los<\/li>\n<\/ul>\n\n\n\n<p>Derechos del Ni\u00f1o<\/p>\n\n\n\n<ul>\n<li>DGCyE Provincia de Buenos Aires (2012). <strong>Gu\u00eda de orientaci\u00f3n<\/strong><\/li>\n<\/ul>\n\n\n\n<p><strong>para la intervenci\u00f3n en situaciones conflictivas en el<\/strong><\/p>\n\n\n\n<p><strong>escenario escolar.<\/strong><\/p>\n\n\n\n<ul>\n<li>DGCyE Provincia de Buenos Aires (2016). <strong>La instituci\u00f3n escolar<\/strong><\/li>\n<\/ul>\n\n\n\n<p><strong>y las pol\u00edticas de cuidado ante el padecimiento subjetivo:<\/strong><\/p>\n\n\n\n<p><strong>suicidio e intento de suicidio.<\/strong><\/p>\n\n\n\n<ul>\n<li>DGCyE Provincia de Buenos Aires (2017). <strong>Pol\u00edticas de cuidado<\/strong><\/li>\n<\/ul>\n\n\n\n<p><strong>en la escuela. Aportes para trabajar la problem\u00e1tica del suicidio e intentos de suicidio.<\/strong><\/p>\n\n\n\n<ul>\n<li><strong>Ministerio de Educaci\u00f3n de la Naci\u00f3n (2015):<\/strong> \u201cAcerca de la problem\u00e1tica del suicidio de j\u00f3venes y adolescentes. Un enfoque para su abordaje desde el campo de la educaci\u00f3n\u201d.<\/li>\n<\/ul>\n\n\n\n<ul>\n<li>Kaplan, C., &amp; Arevalos, D. (2019). J\u00f3venes y estima social. Los sentimientos de muerte como expresi\u00f3n de un dolor.&nbsp;<em>Voces De La educaci\u00f3n<\/em>,&nbsp;<em>4<\/em>(7), 1\u201310. Recuperado a partir de <a href=\"https:\/\/www.revista.vocesdelaeducacion.com.mx\/index.php\/voces\/article\/view\/178\">https:\/\/www.revista.vocesdelaeducacion.com.mx\/index.php\/voces\/article\/view\/178<\/a>.<\/li>\n\n\n\n<li>Ar\u00e9valos, D. H. (2020). Viva e morra sem sentido. Testemunhos de jovens em contextos de marginalidade urbana.&nbsp;<em>Horizontes &#8211; Revista De Educa\u00e7\u00e3o<\/em>,&nbsp;<em>9<\/em>(16), 1\u201315. <a href=\"https:\/\/doi.org\/10.30612\/hre.v9i16.12540\">https:\/\/doi.org\/10.30612\/hre.v9i16.12540<\/a><\/li>\n\n\n\n<li><strong>Ruggiero, Gustavo. (2021) <\/strong>PAULO FREIRE. LA PEDAGOGIA REBELDE. Ed. Universidad General Sarmiento.<\/li>\n<\/ul>\n","protected":false},"excerpt":{"rendered":"<p>INSTITUTO SUPERIOR DE FORMACI\u00d3N DOCENTE Nro 112 HABLEMOS DE BIENESTAR MENTAL I &#8211; Fundamentaci\u00f3n: La Ley Nacional de Salud Mental N\u00b0 26.657, sancionada en 2010 y reglamentada en 2013, reconoce a las personas con padecimientos subjetivos como sujetos de derecho y establece que los abordajes en salud mental deben ser interdisciplinarios, intersectoriales&nbsp;y comunitarios.&nbsp; En su &#8230; <a title=\"Hablemos de Bienestar Mental\" class=\"read-more\" href=\"https:\/\/isfd112-bue.infd.edu.ar\/sitio\/hablemos-de-bienestar-mental\/\" aria-label=\"More on Hablemos de Bienestar Mental\">[+]<\/a><\/p>\n","protected":false},"author":2232,"featured_media":0,"parent":0,"menu_order":0,"comment_status":"closed","ping_status":"closed","template":"","meta":[],"acf":[],"_links":{"self":[{"href":"https:\/\/isfd112-bue.infd.edu.ar\/sitio\/wp-json\/wp\/v2\/pages\/12110"}],"collection":[{"href":"https:\/\/isfd112-bue.infd.edu.ar\/sitio\/wp-json\/wp\/v2\/pages"}],"about":[{"href":"https:\/\/isfd112-bue.infd.edu.ar\/sitio\/wp-json\/wp\/v2\/types\/page"}],"author":[{"embeddable":true,"href":"https:\/\/isfd112-bue.infd.edu.ar\/sitio\/wp-json\/wp\/v2\/users\/2232"}],"replies":[{"embeddable":true,"href":"https:\/\/isfd112-bue.infd.edu.ar\/sitio\/wp-json\/wp\/v2\/comments?post=12110"}],"version-history":[{"count":1,"href":"https:\/\/isfd112-bue.infd.edu.ar\/sitio\/wp-json\/wp\/v2\/pages\/12110\/revisions"}],"predecessor-version":[{"id":12112,"href":"https:\/\/isfd112-bue.infd.edu.ar\/sitio\/wp-json\/wp\/v2\/pages\/12110\/revisions\/12112"}],"wp:attachment":[{"href":"https:\/\/isfd112-bue.infd.edu.ar\/sitio\/wp-json\/wp\/v2\/media?parent=12110"}],"curies":[{"name":"wp","href":"https:\/\/api.w.org\/{rel}","templated":true}]}}