{"id":12228,"date":"2026-02-22T14:07:36","date_gmt":"2026-02-22T17:07:36","guid":{"rendered":"https:\/\/isfd112-bue.infd.edu.ar\/sitio\/?page_id=12228"},"modified":"2026-02-22T14:07:37","modified_gmt":"2026-02-22T17:07:37","slug":"segunda-etapa-presencial-y-personal-nueva-citacion-para-ingresantes-2026-de-todas-las-carreras","status":"publish","type":"page","link":"https:\/\/isfd112-bue.infd.edu.ar\/sitio\/segunda-etapa-presencial-y-personal-nueva-citacion-para-ingresantes-2026-de-todas-las-carreras\/","title":{"rendered":"SEGUNDA ETAPA PRESENCIAL Y PERSONAL: NUEVA CITACI\u00d3N PARA INGRESANTES 2026 DE TODAS LAS CARRERAS"},"content":{"rendered":"\n<p>Estimadas y estimados ingresantes a primer a\u00f1o:<\/p>\n\n\n\n<p>&nbsp; &nbsp; &nbsp;Por la presente la Direcci\u00f3n del ISFD N\u00b0112 les comunica que<strong>&nbsp;toda la informaci\u00f3n referida al procedimiento para confirmar la vacante a la carrera a la que se preinscribieron de modo virtual, se publica SOLO por los siguientes canales formales: nuestra P\u00c1GINA&nbsp;WEB.&nbsp;<\/strong><a href=\"https:\/\/isfd112-bue.infd.edu.ar\/sitio\/\" target=\"_blank\" rel=\"noreferrer noopener\">https:\/\/isfd112-bue.infd.edu.ar\/sitio\/<\/a><strong>, esta direcci\u00f3n de correo electr\u00f3nico y\/o las que se detallan a continuaci\u00f3n, correspondientes a la preceptor\u00eda de cada Profesorado:<\/strong><\/p>\n\n\n\n<p>&nbsp; &nbsp; &nbsp;&#8211;<a href=\"mailto:preceptoria112primariatv@gmail.com\" target=\"_blank\" rel=\"noreferrer noopener\">preceptoria112primariatv@gmail.com<\/a><\/p>\n\n\n\n<p>&nbsp; &nbsp; &nbsp;&#8211;<a href=\"mailto:preceptoria112primariatt@gmail.com\" target=\"_blank\" rel=\"noreferrer noopener\">preceptoria112primariatt@gmail.com<\/a><\/p>\n\n\n\n<p>&nbsp; &nbsp; &nbsp;&#8211;<a href=\"mailto:preceptoria112primariatm@gmail.com\" target=\"_blank\" rel=\"noreferrer noopener\">preceptoria112primariatm@gmail.com<\/a><\/p>\n\n\n\n<p>&nbsp; &nbsp; &nbsp;&#8211;<a href=\"mailto:preceptoria112inicial@gmail.com\" target=\"_blank\" rel=\"noreferrer noopener\">preceptoria112inicial@gmail.com<\/a><\/p>\n\n\n\n<p>&nbsp; &nbsp; &nbsp;&#8211;<a href=\"mailto:preceptoria112fisica@gmail.com\" target=\"_blank\" rel=\"noreferrer noopener\">preceptoria112fisica@gmail.com<\/a><\/p>\n\n\n\n<p>&nbsp; &nbsp; &nbsp;&#8211;<a href=\"mailto:preceptoria112especial@gmail.com\" target=\"_blank\" rel=\"noreferrer noopener\">preceptoria112especial@gmail.com<\/a><\/p>\n\n\n\n<p>&nbsp;<strong>&nbsp;Por favor, les pedimos que desestimen toda informaci\u00f3n que les llegue por otra v\u00eda de comunicaci\u00f3n.<\/strong><\/p>\n\n\n\n<p>&nbsp; &nbsp; &nbsp;Por otro lado,&nbsp;<strong>convocamos&nbsp;SOLO a quienes no hayan presentado la documentaci\u00f3n requerida en el mes de diciembre de 2025 y\/o adeuden algo para completar su legajo, a la segunda fecha para CONFIRMAR LA INSCRIPCI\u00d3N A LA CARRERA&nbsp; en la que se encuentran preinscriptos,<\/strong>&nbsp;seg\u00fan el siguiente cronograma:<\/p>\n\n\n\n<p><strong>-PROFESORADO DE EDUCACI\u00d3N ESPECIAL:<\/strong>&nbsp;<strong>Lunes 02 de marzo. a partir de las 19h, en la sede del Instituto,&nbsp;<\/strong>sita en Paunero 2030, San Miguel.&nbsp;<strong>EN CASO DE CONFIRMARSE EL PARO DOCENTE PREVISTO PARA ESTE D\u00cdA, SE REPROGRAMA PARA EL VIERNES 06 DE MARZO, en el mismo lugar y horario.<\/strong><\/p>\n\n\n\n<p><strong>-PROFESORADO DE EDUCACI\u00d3N SECUNDARIA EN F\u00cdSICA: Lunes 02 de marzo a partir de las 19h,&nbsp;<\/strong>en la sede del Instituto, sita en Paunero 2030, San Miguel.&nbsp;<strong>EN CASO DE CONFIRMARSE EL PARO DOCENTE PREVISTO PARA ESTE D\u00cdA, SE REPROGRAMA PARA EL MARTES 03 DE MARZO, en el mismo lugar y horario.<\/strong><\/p>\n\n\n\n<p><strong>-PROFESORADO DE EDUCACI\u00d3N PRIMARIA. TODOS LOS TURNOS. Mi\u00e9rcoles 04 de marzo a partir de las 19h, en la sede del Instituto,&nbsp;<\/strong>sita en Paunero 2030, San Miguel.<\/p>\n\n\n\n<p>&nbsp;<strong>&nbsp;-PROFESORADO DE EDUCACI\u00d3N INICIAL: Viernes 06 de marzo a partir de las 19h, en la sede del Instituto,<\/strong>&nbsp;sita en Paunero 2030, San Miguel.<\/p>\n\n\n\n<p>&nbsp; &nbsp; &nbsp;Recuerden mirar en nuestra P\u00e1gina Web, en la pesta\u00f1a INGRESANTES 2026, el detalle de toda la documentaci\u00f3n que deben presentar en esta segunda etapa presencial de inscripci\u00f3n.<\/p>\n\n\n\n<p>&nbsp; &nbsp; &nbsp;\u00a1Las y los esperamos!&nbsp;<\/p>\n\n\n\n<p>&nbsp; &nbsp; &nbsp;Saludos cordiales.<\/p>\n\n\n\n<p>&nbsp; &nbsp; &nbsp;Equipo de Conducci\u00f3n<\/p>\n\n\n\n<p>&nbsp; &nbsp; &nbsp;ISFD N\u00b0112<\/p>\n\n\n\n<p>&nbsp; &nbsp; &nbsp;San Miguel<\/p>\n","protected":false},"excerpt":{"rendered":"<p>Estimadas y estimados ingresantes a primer a\u00f1o: &nbsp; &nbsp; &nbsp;Por la presente la Direcci\u00f3n del ISFD N\u00b0112 les comunica que&nbsp;toda la informaci\u00f3n referida al procedimiento para confirmar la vacante a la carrera a la que se preinscribieron de modo virtual, se publica SOLO por los siguientes canales formales: nuestra P\u00c1GINA&nbsp;WEB.&nbsp;https:\/\/isfd112-bue.infd.edu.ar\/sitio\/, esta direcci\u00f3n de correo electr\u00f3nico &#8230; <a title=\"SEGUNDA ETAPA PRESENCIAL Y PERSONAL: NUEVA CITACI\u00d3N PARA INGRESANTES 2026 DE TODAS LAS CARRERAS\" class=\"read-more\" href=\"https:\/\/isfd112-bue.infd.edu.ar\/sitio\/segunda-etapa-presencial-y-personal-nueva-citacion-para-ingresantes-2026-de-todas-las-carreras\/\" aria-label=\"More on SEGUNDA ETAPA PRESENCIAL Y PERSONAL: NUEVA CITACI\u00d3N PARA INGRESANTES 2026 DE TODAS LAS CARRERAS\">[+]<\/a><\/p>\n","protected":false},"author":2232,"featured_media":0,"parent":0,"menu_order":0,"comment_status":"closed","ping_status":"closed","template":"","meta":[],"acf":[],"_links":{"self":[{"href":"https:\/\/isfd112-bue.infd.edu.ar\/sitio\/wp-json\/wp\/v2\/pages\/12228"}],"collection":[{"href":"https:\/\/isfd112-bue.infd.edu.ar\/sitio\/wp-json\/wp\/v2\/pages"}],"about":[{"href":"https:\/\/isfd112-bue.infd.edu.ar\/sitio\/wp-json\/wp\/v2\/types\/page"}],"author":[{"embeddable":true,"href":"https:\/\/isfd112-bue.infd.edu.ar\/sitio\/wp-json\/wp\/v2\/users\/2232"}],"replies":[{"embeddable":true,"href":"https:\/\/isfd112-bue.infd.edu.ar\/sitio\/wp-json\/wp\/v2\/comments?post=12228"}],"version-history":[{"count":1,"href":"https:\/\/isfd112-bue.infd.edu.ar\/sitio\/wp-json\/wp\/v2\/pages\/12228\/revisions"}],"predecessor-version":[{"id":12232,"href":"https:\/\/isfd112-bue.infd.edu.ar\/sitio\/wp-json\/wp\/v2\/pages\/12228\/revisions\/12232"}],"wp:attachment":[{"href":"https:\/\/isfd112-bue.infd.edu.ar\/sitio\/wp-json\/wp\/v2\/media?parent=12228"}],"curies":[{"name":"wp","href":"https:\/\/api.w.org\/{rel}","templated":true}]}}