{"id":12315,"date":"2026-03-14T12:24:25","date_gmt":"2026-03-14T15:24:25","guid":{"rendered":"https:\/\/isfd112-bue.infd.edu.ar\/sitio\/?page_id=12315"},"modified":"2026-03-14T12:24:26","modified_gmt":"2026-03-14T15:24:26","slug":"1-2-inicial-turno-vespertino","status":"publish","type":"page","link":"https:\/\/isfd112-bue.infd.edu.ar\/sitio\/1-2-inicial-turno-vespertino\/","title":{"rendered":"1\u00b0 2\u00b0 Inicial Turno Vespertino"},"content":{"rendered":"\n<figure class=\"wp-block-table\"><table><tbody><tr><td><strong>PROFESORADO DE EDUCACI\u00d3N INICIAL 1\u00ba2\u00ba<\/strong><\/td><\/tr><tr><td>ALBORNOZ MILAGROS AGUSTINA&nbsp;<\/td><\/tr><tr><td>ALCARAZ LUCIANA<\/td><\/tr><tr><td>ALTAMIRANO SARA NOEMI&nbsp;<\/td><\/tr><tr><td>ALVAREZ LEILA XIOMARA YANEL&nbsp;&nbsp;<\/td><\/tr><tr><td>ALVAREZ TEVEZ CAROLINA AILEN&nbsp;<\/td><\/tr><tr><td>AMARILLA MARIA EUGENIA&nbsp;<\/td><\/tr><tr><td>AMARILLA VIVIANA YANET<\/td><\/tr><tr><td>ARANDA BRISA GABRIELA<\/td><\/tr><tr><td>ARCE MACARENA AYELEN&nbsp;&nbsp;<\/td><\/tr><tr><td>BAEZ \u00daRSULA YAEL&nbsp;<\/td><\/tr><tr><td>BENITEZ DELFINA VIOLETA&nbsp;<\/td><\/tr><tr><td>BENITEZ MORENA AYLEN&nbsp;<\/td><\/tr><tr><td>BENTANCOR VALENTINA<\/td><\/tr><tr><td>BOGADO MAR\u00cdA BEL\u00c9N&nbsp;<\/td><\/tr><tr><td>BONAPARTE EVELYN ANALIA&nbsp;<\/td><\/tr><tr><td>CANAGLIC EMILCE DANIELA<\/td><\/tr><tr><td>CANDIA NAHIARA YASMIN<\/td><\/tr><tr><td>CARRIZO PRISCILA NICOLE<\/td><\/tr><tr><td>CASTA\u00d1O ABRIL SOLEDAD<\/td><\/tr><tr><td>CASTRO GILARDOTI ZAIDA BELEN<\/td><\/tr><tr><td>DE LIMA LUCILA BEL\u00c9N&nbsp;<\/td><\/tr><tr><td>D\u00cdAZ CANDELA AGOSTINA&nbsp;<\/td><\/tr><tr><td>DIAZ GISELE ERIKA<\/td><\/tr><tr><td>DIAZ VALENTINA&nbsp;<\/td><\/tr><tr><td>DUARTE GONZALEZ MILAGROS BELEN&nbsp;&nbsp;<\/td><\/tr><tr><td>FARRACE JAZMIN&nbsp;<\/td><\/tr><tr><td>FERNANDEZ MAITENA AYELEN&nbsp;<\/td><\/tr><tr><td>FERN\u00c1NDEZ MAYRA&nbsp;<\/td><\/tr><tr><td>GODOY ABRIL CANDELARIA&nbsp;<\/td><\/tr><tr><td>GODOY FIORELLA MILAGROS&nbsp;<\/td><\/tr><tr><td>G\u00d3MEZ ANALIA<\/td><\/tr><tr><td>GOMEZ SAMIRA KARISSA<\/td><\/tr><tr><td>GONZALEZ ANTONELLA<\/td><\/tr><tr><td>GONZALEZ MELANIE ARACELI&nbsp;<\/td><\/tr><tr><td>JOFR\u00c9 LUCILA<\/td><\/tr><tr><td>KLOSTER AVRIL LUDMILA<\/td><\/tr><tr><td>KLOSTER SOPHIA VICTORIA&nbsp;<\/td><\/tr><tr><td>LEGUIZAMON MELINA MARCELA<\/td><\/tr><tr><td>LEGUIZAM\u00d3N ORNELLA ANAHI<\/td><\/tr><tr><td>LEPEZ DELFINA ARIANA<\/td><\/tr><tr><td>LESCANO ADRIANA BEL\u00c9N&nbsp;<\/td><\/tr><tr><td>LEZCANO GUADALUPE AGUSTINA&nbsp;<\/td><\/tr><tr><td>MENDOZA SILVINA ISABEL&nbsp;<\/td><\/tr><tr><td>MERLINO PORTA AMANCAY JUDITH<\/td><\/tr><tr><td>MIRANDA HEREDIA AVRIL&nbsp;<\/td><\/tr><tr><td>MONTENEGRO BENITEZ MELANIE ROC\u00cdO&nbsp;<\/td><\/tr><tr><td>MONTIEL ZAHIRA ROCIO<\/td><\/tr><tr><td>MORA NAOMI AYLEN&nbsp;<\/td><\/tr><tr><td>PATI\u00d1O LUZ DEL CIELO&nbsp;<\/td><\/tr><tr><td>PAZ GOVI BARBARA ABRIL AMBROSIA&nbsp;<\/td><\/tr><tr><td>PAZ ZOE ANAH\u00cd&nbsp;<\/td><\/tr><tr><td>PEDRAZA ANGELICA TAMARA&nbsp;<\/td><\/tr><tr><td>PELLATI DELFINA MERCEDES&nbsp;<\/td><\/tr><tr><td>PENIDA KIARA NATALI&nbsp;<\/td><\/tr><tr><td>RAMIREZ AGUSTINA BELEN&nbsp;<\/td><\/tr><tr><td>RAM\u00cdREZ LABRADOR ABRIL<\/td><\/tr><tr><td>RAM\u00cdREZ MILAGROS MELINA<\/td><\/tr><tr><td>RAMON MEDINA MORENA CELESTE&nbsp;<\/td><\/tr><tr><td>RIOS FLORENCIA SOLEDAD&nbsp;<\/td><\/tr><tr><td>RIVERO BRISA CELESTE JASMIN&nbsp;<\/td><\/tr><tr><td>RIVERO MICAELA AGUSTINA&nbsp;&nbsp;<\/td><\/tr><tr><td>RODRIGUEZ CAMILA SOLEDAD&nbsp;<\/td><\/tr><tr><td>RODRIGUEZ KIARA ANALIA<\/td><\/tr><tr><td>ZELAYA BELINDA JAZMIN&nbsp;<\/td><\/tr><\/tbody><\/table><\/figure>\n","protected":false},"excerpt":{"rendered":"<p>PROFESORADO DE EDUCACI\u00d3N INICIAL 1\u00ba2\u00ba ALBORNOZ MILAGROS AGUSTINA&nbsp; ALCARAZ LUCIANA ALTAMIRANO SARA NOEMI&nbsp; ALVAREZ LEILA XIOMARA YANEL&nbsp;&nbsp; ALVAREZ TEVEZ CAROLINA AILEN&nbsp; AMARILLA MARIA EUGENIA&nbsp; AMARILLA VIVIANA YANET ARANDA BRISA GABRIELA ARCE MACARENA AYELEN&nbsp;&nbsp; BAEZ \u00daRSULA YAEL&nbsp; BENITEZ DELFINA VIOLETA&nbsp; BENITEZ MORENA AYLEN&nbsp; BENTANCOR VALENTINA BOGADO MAR\u00cdA BEL\u00c9N&nbsp; BONAPARTE EVELYN ANALIA&nbsp; CANAGLIC EMILCE DANIELA CANDIA NAHIARA &#8230; <a title=\"1\u00b0 2\u00b0 Inicial Turno Vespertino\" class=\"read-more\" href=\"https:\/\/isfd112-bue.infd.edu.ar\/sitio\/1-2-inicial-turno-vespertino\/\" aria-label=\"More on 1\u00b0 2\u00b0 Inicial Turno Vespertino\">[+]<\/a><\/p>\n","protected":false},"author":2232,"featured_media":0,"parent":0,"menu_order":0,"comment_status":"closed","ping_status":"closed","template":"","meta":[],"acf":[],"_links":{"self":[{"href":"https:\/\/isfd112-bue.infd.edu.ar\/sitio\/wp-json\/wp\/v2\/pages\/12315"}],"collection":[{"href":"https:\/\/isfd112-bue.infd.edu.ar\/sitio\/wp-json\/wp\/v2\/pages"}],"about":[{"href":"https:\/\/isfd112-bue.infd.edu.ar\/sitio\/wp-json\/wp\/v2\/types\/page"}],"author":[{"embeddable":true,"href":"https:\/\/isfd112-bue.infd.edu.ar\/sitio\/wp-json\/wp\/v2\/users\/2232"}],"replies":[{"embeddable":true,"href":"https:\/\/isfd112-bue.infd.edu.ar\/sitio\/wp-json\/wp\/v2\/comments?post=12315"}],"version-history":[{"count":1,"href":"https:\/\/isfd112-bue.infd.edu.ar\/sitio\/wp-json\/wp\/v2\/pages\/12315\/revisions"}],"predecessor-version":[{"id":12317,"href":"https:\/\/isfd112-bue.infd.edu.ar\/sitio\/wp-json\/wp\/v2\/pages\/12315\/revisions\/12317"}],"wp:attachment":[{"href":"https:\/\/isfd112-bue.infd.edu.ar\/sitio\/wp-json\/wp\/v2\/media?parent=12315"}],"curies":[{"name":"wp","href":"https:\/\/api.w.org\/{rel}","templated":true}]}}