{"id":12437,"date":"2026-04-30T17:11:11","date_gmt":"2026-04-30T20:11:11","guid":{"rendered":"https:\/\/isfd112-bue.infd.edu.ar\/sitio\/?page_id=12437"},"modified":"2026-05-04T11:13:25","modified_gmt":"2026-05-04T14:13:25","slug":"taller-un-recorrido-por-la-proporcionalidad-prof-ana-torres","status":"publish","type":"page","link":"https:\/\/isfd112-bue.infd.edu.ar\/sitio\/taller-un-recorrido-por-la-proporcionalidad-prof-ana-torres\/","title":{"rendered":"Taller \u00abUn recorrido por la proporcionalidad\u00bb &#8211; Prof. Ana Torres"},"content":{"rendered":"\n<figure class=\"wp-block-image size-full is-resized\"><img decoding=\"async\" loading=\"lazy\" src=\"https:\/\/isfd112-bue.infd.edu.ar\/sitio\/wp-content\/uploads\/2026\/04\/image-2.png\" alt=\"\" class=\"wp-image-12444\" width=\"1020\" height=\"1442\" srcset=\"https:\/\/isfd112-bue.infd.edu.ar\/sitio\/wp-content\/uploads\/2026\/04\/image-2.png 1131w, https:\/\/isfd112-bue.infd.edu.ar\/sitio\/wp-content\/uploads\/2026\/04\/image-2-707x1000.png 707w, https:\/\/isfd112-bue.infd.edu.ar\/sitio\/wp-content\/uploads\/2026\/04\/image-2-768x1086.png 768w, https:\/\/isfd112-bue.infd.edu.ar\/sitio\/wp-content\/uploads\/2026\/04\/image-2-1086x1536.png 1086w\" sizes=\"(max-width: 1020px) 100vw, 1020px\" \/><\/figure>\n\n\n\n<p>La inscripci\u00f3n al taller&nbsp;<\/p>\n\n\n\n<ul>\n<li>supone haber le\u00eddo la programaci\u00f3n del mismo, considerando especialmente el material a traer al primer encuentro.&nbsp;<a href=\"https:\/\/isfd112-bue.infd.edu.ar\/sitio\/wp-content\/uploads\/2026\/04\/La-proporcionalidad-Proyecto.pdf\" target=\"_blank\" rel=\"noreferrer noopener\">Programa del Taller Un recorrido por la proporcionalidad<\/a><\/li>\n\n\n\n<li>asumir el&nbsp; compromiso de realizar los trabajos pr\u00e1cticos y no abandonar el curso.&nbsp;<\/li>\n<\/ul>\n\n\n\n<p>En este taller hay 25 cupos para docentes en formaci\u00f3n y 5 para docentes egresados.&nbsp;<\/p>\n\n\n\n<p>Los mismos se asignar\u00e1n, seg\u00fan las prioridades indicadas, considerando el orden de inscripci\u00f3n.<\/p>\n\n\n\n<p>La inscripci\u00f3n se cerrar\u00e1 el 7 de mayo o&nbsp; cuando se hayan completado los cupos previstos.&nbsp;<\/p>\n\n\n\n<p><a rel=\"noreferrer noopener\" href=\"https:\/\/docs.google.com\/forms\/d\/e\/1FAIpQLSctc1SZQDOZ7laK9r7TdNzBw_grDo_pGmpWWt2rvhhuWd9rcg\/viewform?usp=sharing&amp;ouid=104499554516114824058\" target=\"_blank\">Formulario de inscripci\u00f3n Taller Un recorrido por la proporcionalidad<\/a> <strong>CUPO COMPLETO PARA DOCENTES EN FORMACI\u00d3N DEL ISFD 112<\/strong><\/p>\n","protected":false},"excerpt":{"rendered":"<p>La inscripci\u00f3n al taller&nbsp; En este taller hay 25 cupos para docentes en formaci\u00f3n y 5 para docentes egresados.&nbsp; Los mismos se asignar\u00e1n, seg\u00fan las prioridades indicadas, considerando el orden de inscripci\u00f3n. La inscripci\u00f3n se cerrar\u00e1 el 7 de mayo o&nbsp; cuando se hayan completado los cupos previstos.&nbsp; Formulario de inscripci\u00f3n Taller Un recorrido por &#8230; <a title=\"Taller \u00abUn recorrido por la proporcionalidad\u00bb &#8211; Prof. Ana Torres\" class=\"read-more\" href=\"https:\/\/isfd112-bue.infd.edu.ar\/sitio\/taller-un-recorrido-por-la-proporcionalidad-prof-ana-torres\/\" aria-label=\"More on Taller \u00abUn recorrido por la proporcionalidad\u00bb &#8211; Prof. Ana Torres\">[+]<\/a><\/p>\n","protected":false},"author":2232,"featured_media":0,"parent":0,"menu_order":0,"comment_status":"closed","ping_status":"closed","template":"","meta":[],"acf":[],"_links":{"self":[{"href":"https:\/\/isfd112-bue.infd.edu.ar\/sitio\/wp-json\/wp\/v2\/pages\/12437"}],"collection":[{"href":"https:\/\/isfd112-bue.infd.edu.ar\/sitio\/wp-json\/wp\/v2\/pages"}],"about":[{"href":"https:\/\/isfd112-bue.infd.edu.ar\/sitio\/wp-json\/wp\/v2\/types\/page"}],"author":[{"embeddable":true,"href":"https:\/\/isfd112-bue.infd.edu.ar\/sitio\/wp-json\/wp\/v2\/users\/2232"}],"replies":[{"embeddable":true,"href":"https:\/\/isfd112-bue.infd.edu.ar\/sitio\/wp-json\/wp\/v2\/comments?post=12437"}],"version-history":[{"count":3,"href":"https:\/\/isfd112-bue.infd.edu.ar\/sitio\/wp-json\/wp\/v2\/pages\/12437\/revisions"}],"predecessor-version":[{"id":12468,"href":"https:\/\/isfd112-bue.infd.edu.ar\/sitio\/wp-json\/wp\/v2\/pages\/12437\/revisions\/12468"}],"wp:attachment":[{"href":"https:\/\/isfd112-bue.infd.edu.ar\/sitio\/wp-json\/wp\/v2\/media?parent=12437"}],"curies":[{"name":"wp","href":"https:\/\/api.w.org\/{rel}","templated":true}]}}