{"id":2197,"date":"2018-08-29T15:45:49","date_gmt":"2018-08-29T18:45:49","guid":{"rendered":"https:\/\/isfd112-bue.infd.edu.ar\/sitio\/autoridades\/"},"modified":"2026-02-22T12:00:39","modified_gmt":"2026-02-22T15:00:39","slug":"autoridades","status":"publish","type":"page","link":"https:\/\/isfd112-bue.infd.edu.ar\/sitio\/autoridades\/","title":{"rendered":"Autoridades"},"content":{"rendered":"<h3 style=\"text-align: center;\"><span style=\"color: #0000ff; font-family: book antiqua,palatino; font-size: 18pt;\">Autoridades<\/span><strong><span style=\"color: #0000ff; font-family: book antiqua,palatino; font-size: 18pt;\"> de la Unidad Acad\u00e9mica<\/span><\/strong><\/h3>\n<h2 style=\"text-align: center;\"><strong><span style=\"color: #0000ff; font-family: book antiqua,palatino; font-size: 18pt;\">y el\u00a0ISFD 112\u00a0<\/span><\/strong><\/h2>\n<p><span style=\"font-family: book antiqua,palatino;\"><span style=\"font-size: 12pt;\"><em><strong>\u00a0<\/strong><\/em><\/span><\/span><\/p>\n<ul>\n<li><span style=\"font-family: book antiqua,palatino; font-size: 14pt;\"><em><strong>Directora de la Unidad Acad\u00e9mica:\u00a0<\/strong>\u00a0Prof.\u00a0Ver\u00f3nica Urquiza<\/em><\/span><\/li>\n<li><span style=\"font-family: book antiqua,palatino; font-size: 14pt;\"><em><strong>Secretaria de la Unidad Acad\u00e9mica :<\/strong> Prof. Mar\u00eda Victoria Mercado<\/em><\/span><\/li>\n<li><em><strong><span style=\"font-family: book antiqua,palatino; font-size: 14pt;\">Regente ISFD 112:<\/span><\/strong><span style=\"font-family: book antiqua,palatino; font-size: 14pt;\"> Pr<\/span><span style=\"font-family: book antiqua,palatino; font-size: 14pt;\">of. Marianela Garriga Richetti Coronel<\/span><\/em><\/li>\n<li><em><strong><span style=\"font-family: book antiqua,palatino; font-size: 14pt;\">Jefa de \u00c1rea de Educaci\u00f3n Inicial ISFD 112: <\/span><\/strong><span style=\"font-family: book antiqua,palatino; font-size: 14pt;\">Prof. Sandra Sepulcri<\/span><\/em><\/li>\n<li><em><span style=\"font-family: book antiqua,palatino; font-size: 14pt;\"><strong>Jefa de \u00c1rea de Educaci\u00f3n Especial ISFD 112:<\/strong> Prof. Yanina Gallo Leyton<\/span><\/em><\/li>\n<\/ul>\n<p><span style=\"font-family: book antiqua,palatino; font-size: 14pt;\"><em>\u00a0<\/em><\/span><\/p>\n","protected":false},"excerpt":{"rendered":"<p>Autoridades de la Unidad Acad\u00e9mica y el\u00a0ISFD 112\u00a0 \u00a0 Directora de la Unidad Acad\u00e9mica:\u00a0\u00a0Prof.\u00a0Ver\u00f3nica Urquiza Secretaria de la Unidad Acad\u00e9mica : Prof. Mar\u00eda Victoria Mercado Regente ISFD 112: Prof. Marianela Garriga Richetti Coronel Jefa de \u00c1rea de Educaci\u00f3n Inicial ISFD 112: Prof. Sandra Sepulcri Jefa de \u00c1rea de Educaci\u00f3n Especial ISFD 112: Prof. Yanina Gallo &#8230; <a title=\"Autoridades\" class=\"read-more\" href=\"https:\/\/isfd112-bue.infd.edu.ar\/sitio\/autoridades\/\" aria-label=\"More on Autoridades\">[+]<\/a><\/p>\n","protected":false},"author":1684,"featured_media":0,"parent":0,"menu_order":0,"comment_status":"closed","ping_status":"closed","template":"","meta":[],"acf":[],"_links":{"self":[{"href":"https:\/\/isfd112-bue.infd.edu.ar\/sitio\/wp-json\/wp\/v2\/pages\/2197"}],"collection":[{"href":"https:\/\/isfd112-bue.infd.edu.ar\/sitio\/wp-json\/wp\/v2\/pages"}],"about":[{"href":"https:\/\/isfd112-bue.infd.edu.ar\/sitio\/wp-json\/wp\/v2\/types\/page"}],"author":[{"embeddable":true,"href":"https:\/\/isfd112-bue.infd.edu.ar\/sitio\/wp-json\/wp\/v2\/users\/1684"}],"replies":[{"embeddable":true,"href":"https:\/\/isfd112-bue.infd.edu.ar\/sitio\/wp-json\/wp\/v2\/comments?post=2197"}],"version-history":[{"count":14,"href":"https:\/\/isfd112-bue.infd.edu.ar\/sitio\/wp-json\/wp\/v2\/pages\/2197\/revisions"}],"predecessor-version":[{"id":12227,"href":"https:\/\/isfd112-bue.infd.edu.ar\/sitio\/wp-json\/wp\/v2\/pages\/2197\/revisions\/12227"}],"wp:attachment":[{"href":"https:\/\/isfd112-bue.infd.edu.ar\/sitio\/wp-json\/wp\/v2\/media?parent=2197"}],"curies":[{"name":"wp","href":"https:\/\/api.w.org\/{rel}","templated":true}]}}