{"id":2276,"date":"2018-08-29T15:46:17","date_gmt":"2018-08-29T18:46:17","guid":{"rendered":"https:\/\/isfd112-bue.infd.edu.ar\/sitio\/profesorado-de-educacion-secundaria-en-fisica-2\/"},"modified":"2020-10-25T16:38:58","modified_gmt":"2020-10-25T19:38:58","slug":"profesorado-de-educacion-secundaria-en-fisica-2","status":"publish","type":"page","link":"https:\/\/isfd112-bue.infd.edu.ar\/sitio\/profesorado-de-educacion-secundaria-en-fisica-2\/","title":{"rendered":"Profesorado de Educaci\u00f3n Secundaria en F\u00edsica"},"content":{"rendered":"<p>Correlatividades del Prof. de Secundaria en F\u00edsica\u00a0<a href=\"https:\/\/isfd112-bue.infd.edu.ar\/sitio\/wp-content\/uploads\/2020\/10\/correlativas-de-fisica-4.pdf\">correlativas de fisica (4)<\/a><\/p>\n<table style=\"width: 467px;\" border=\"0\" cellspacing=\"0\" cellpadding=\"0\">\n<colgroup>\n<col width=\"48\" \/>\n<col width=\"419\" \/><\/colgroup>\n<tbody>\n<tr>\n<td style=\"text-align: justify;\" colspan=\"2\" width=\"467\" height=\"68\"><span style=\"font-size: 10pt;\"><strong><span style=\"color: #ff0000; font-family: Arial; font-size: small;\">ORDENAMIENTO DE MATERIAS POR A\u00d1O PARA LA CONFECCI\u00d3N DE NUEVAS LIBRETAS (LOS ALUMNOS QUE YA TIENEN LA DISTRIBUCI\u00d3N EN LAS LIBRETAS NO TIENEN QUE CAMBIARLA, SALVO QUE ADQUIERAN UNA LIBRETA NUEVA)<\/span><\/strong><\/span><\/td>\n<\/tr>\n<tr>\n<td style=\"text-align: center;\" colspan=\"2\" height=\"21\"><span style=\"font-size: 10pt;\"><strong><span style=\"font-family: Arial;\">PROFESORADO DE EDUCACI\u00d3N SECUNDARIA EN F\u00cdSICA<\/span><\/strong><\/span><\/td>\n<\/tr>\n<tr>\n<td style=\"text-align: center;\" height=\"21\"><span style=\"color: #555555; font-family: Arial; font-size: 8pt;\">ORDEN<\/span><\/td>\n<td style=\"text-align: center;\"><span style=\"color: #555555; font-family: Arial; font-size: 8pt;\">MATERIA<\/span><\/td>\n<\/tr>\n<tr>\n<td style=\"text-align: center;\" colspan=\"2\" height=\"21\"><span style=\"font-family: Arial; font-size: 8pt;\">A\u00f1o 1<\/span><\/td>\n<\/tr>\n<tr>\n<td style=\"text-align: center;\" height=\"21\"><span style=\"color: #3d3d3d; font-family: Arial; font-size: 8pt;\">1<\/span><\/td>\n<td><span style=\"color: #3d3d3d; font-family: Arial; font-size: 8pt;\">PERSPECTIVA FILOS\u00d3FICO-PEDAG\u00d3GICA I<\/span><\/td>\n<\/tr>\n<tr>\n<td style=\"text-align: center;\" height=\"21\"><span style=\"color: #333333; font-family: Arial; font-size: 8pt;\">2<\/span><\/td>\n<td><span style=\"color: #333333; font-family: Arial; font-size: 8pt;\">PERSPECTIVA PEDAG\u00d3GICO-DID\u00c1CTICA I<\/span><\/td>\n<\/tr>\n<tr>\n<td style=\"text-align: center;\" height=\"21\"><span style=\"color: #3d3d3d; font-family: Arial; font-size: 8pt;\">3<\/span><\/td>\n<td><span style=\"color: #3d3d3d; font-family: Arial; font-size: 8pt;\">PERSPECTIVA SOCIO-POL\u00cdTICA<\/span><\/td>\n<\/tr>\n<tr>\n<td style=\"text-align: center;\" height=\"21\"><span style=\"color: #333333; font-family: Arial; font-size: 8pt;\">4<\/span><\/td>\n<td><span style=\"color: #333333; font-family: Arial; font-size: 8pt;\">PSICOLOG\u00cdA Y CULTURA EN LA EDUCACI\u00d3N<\/span><\/td>\n<\/tr>\n<tr>\n<td style=\"text-align: center;\" height=\"21\"><span style=\"color: #3d3d3d; font-family: Arial; font-size: 8pt;\">5<\/span><\/td>\n<td><span style=\"color: #3d3d3d; font-family: Arial; font-size: 8pt;\">F\u00cdSICA Y ELEMENTOS DE ASTRONOM\u00cdA Y LABORATORIO I<\/span><\/td>\n<\/tr>\n<tr>\n<td style=\"text-align: center;\" height=\"21\"><span style=\"color: #333333; font-family: Arial; font-size: 8pt;\">6<\/span><\/td>\n<td><span style=\"color: #333333; font-family: Arial; font-size: 8pt;\">QU\u00cdMICA Y LABORATORIO I<\/span><\/td>\n<\/tr>\n<tr>\n<td style=\"text-align: center;\" height=\"21\"><span style=\"color: #3d3d3d; font-family: Arial; font-size: 8pt;\">7<\/span><\/td>\n<td><span style=\"color: #3d3d3d; font-family: Arial; font-size: 8pt;\">BIOLOG\u00cdA Y LABORATORIO I<\/span><\/td>\n<\/tr>\n<tr>\n<td style=\"text-align: center;\" height=\"21\"><span style=\"color: #333333; font-family: Arial; font-size: 8pt;\">8<\/span><\/td>\n<td><span style=\"color: #333333; font-family: Arial; font-size: 8pt;\">MATEM\u00c1TICA INSTRUMENTAL I<\/span><\/td>\n<\/tr>\n<tr>\n<td style=\"text-align: center;\" height=\"21\"><span style=\"color: #3d3d3d; font-family: Arial; font-size: 8pt;\">9<\/span><\/td>\n<td><span style=\"color: #3d3d3d; font-family: Arial; font-size: 8pt;\">INTEGRACI\u00d3N AREAL I<\/span><\/td>\n<\/tr>\n<tr>\n<td style=\"text-align: center;\" height=\"21\"><span style=\"color: #333333; font-family: Arial; font-size: 8pt;\">10<\/span><\/td>\n<td><span style=\"color: #333333; font-family: Arial; font-size: 8pt;\">ESPACIO DE LA PR\u00c1CTICA DOCENTE I<\/span><\/td>\n<\/tr>\n<tr>\n<td style=\"text-align: center;\" colspan=\"2\" height=\"21\"><span style=\"font-family: Arial; font-size: 8pt;\">A\u00f1o 2<\/span><\/td>\n<\/tr>\n<tr>\n<td style=\"text-align: center;\" height=\"21\"><span style=\"color: #3d3d3d; font-family: Arial; font-size: 8pt;\">1<\/span><\/td>\n<td><span style=\"color: #3d3d3d; font-family: Arial; font-size: 8pt;\">PERSPECTIVA FILOS\u00d3FICO-PEDAG\u00d3GICA II<\/span><\/td>\n<\/tr>\n<tr>\n<td style=\"text-align: center;\" height=\"21\"><span style=\"color: #333333; font-family: Arial; font-size: 8pt;\">2<\/span><\/td>\n<td><span style=\"color: #333333; font-family: Arial; font-size: 8pt;\">PERSPECTIVA PEDAG\u00d3GICO-DID\u00c1CTICA II<\/span><\/td>\n<\/tr>\n<tr>\n<td style=\"text-align: center;\" height=\"21\"><span style=\"color: #3d3d3d; font-family: Arial; font-size: 8pt;\">3<\/span><\/td>\n<td><span style=\"color: #3d3d3d; font-family: Arial; font-size: 8pt;\">PSICOLOG\u00cdA Y CULTURA DEL ALUMNO DE EGB 3 Y POLIMODAL<\/span><\/td>\n<\/tr>\n<tr>\n<td style=\"text-align: center;\" height=\"21\"><span style=\"color: #333333; font-family: Arial; font-size: 8pt;\">4<\/span><\/td>\n<td><span style=\"color: #333333; font-family: Arial; font-size: 8pt;\">F\u00cdSICA Y ELEMENTOS DE ASTRONOM\u00cdA Y LABORATORIO II<\/span><\/td>\n<\/tr>\n<tr>\n<td style=\"text-align: center;\" height=\"21\"><span style=\"color: #3d3d3d; font-family: Arial; font-size: 8pt;\">5<\/span><\/td>\n<td><span style=\"color: #3d3d3d; font-family: Arial; font-size: 8pt;\">QU\u00cdMICA Y LABORATORIO II<\/span><\/td>\n<\/tr>\n<tr>\n<td style=\"text-align: center;\" height=\"21\"><span style=\"color: #333333; font-family: Arial; font-size: 8pt;\">6<\/span><\/td>\n<td><span style=\"color: #333333; font-family: Arial; font-size: 8pt;\">BIOLOG\u00cdA Y LABORATORIO II<\/span><\/td>\n<\/tr>\n<tr>\n<td style=\"text-align: center;\" height=\"21\"><span style=\"color: #3d3d3d; font-family: Arial; font-size: 8pt;\">7<\/span><\/td>\n<td><span style=\"color: #3d3d3d; font-family: Arial; font-size: 8pt;\">CIENCIAS DE LA TIERRA<\/span><\/td>\n<\/tr>\n<tr>\n<td style=\"text-align: center;\" height=\"21\"><span style=\"color: #333333; font-family: Arial; font-size: 8pt;\">8<\/span><\/td>\n<td><span style=\"color: #333333; font-family: Arial; font-size: 8pt;\">MATEM\u00c1TICA INSTRUMENTAL II E INFORM\u00c1TICA APLICADA<\/span><\/td>\n<\/tr>\n<tr>\n<td style=\"text-align: center;\" height=\"21\"><span style=\"color: #3d3d3d; font-family: Arial; font-size: 8pt;\">9<\/span><\/td>\n<td><span style=\"color: #3d3d3d; font-family: Arial; font-size: 8pt;\">INTEGRACI\u00d3N AREAL II<\/span><\/td>\n<\/tr>\n<tr>\n<td style=\"text-align: center;\" height=\"21\"><span style=\"color: #333333; font-family: Arial; font-size: 8pt;\">10<\/span><\/td>\n<td><span style=\"color: #333333; font-family: Arial; font-size: 8pt;\">ESPACIO DE LA PR\u00c1CTICA DOCENTE II<\/span><\/td>\n<\/tr>\n<tr>\n<td style=\"text-align: center;\" colspan=\"2\" height=\"21\"><span style=\"font-family: Arial; font-size: 8pt;\">A\u00f1o 3<\/span><\/td>\n<\/tr>\n<tr>\n<td style=\"text-align: center;\" height=\"21\"><span style=\"color: #3d3d3d; font-family: Arial; font-size: 8pt;\">1<\/span><\/td>\n<td><span style=\"color: #3d3d3d; font-family: Arial; font-size: 8pt;\">PERSPECTIVA FILOS\u00d3FICO- PEDAG\u00d3GICO- DID\u00c1CTICA<\/span><\/td>\n<\/tr>\n<tr>\n<td style=\"text-align: center;\" height=\"21\"><span style=\"color: #333333; font-family: Arial; font-size: 8pt;\">2<\/span><\/td>\n<td><span style=\"color: #333333; font-family: Arial; font-size: 8pt;\">PERSPECTIVA POL\u00cdTICO-INSTITUCIONAL<\/span><\/td>\n<\/tr>\n<tr>\n<td style=\"text-align: center;\" height=\"21\"><span style=\"color: #3d3d3d; font-family: Arial; font-size: 8pt;\">3<\/span><\/td>\n<td><span style=\"color: #3d3d3d; font-family: Arial; font-size: 8pt;\">FUERZAS, MOVIMIENTO Y ENERG\u00cdA MEC\u00c1NICA, Y LABORATORIO<\/span><\/td>\n<\/tr>\n<tr>\n<td style=\"text-align: center;\" height=\"21\"><span style=\"color: #333333; font-family: Arial; font-size: 8pt;\">4<\/span><\/td>\n<td><span style=\"color: #333333; font-family: Arial; font-size: 8pt;\">ONDAS Y \u00d3PTICA F\u00cdSICA Y LABORATORIO<\/span><\/td>\n<\/tr>\n<tr>\n<td style=\"text-align: center;\" height=\"21\"><span style=\"color: #3d3d3d; font-family: Arial; font-size: 8pt;\">5<\/span><\/td>\n<td><span style=\"color: #3d3d3d; font-family: Arial; font-size: 8pt;\">ELECTROMAGNETISMO Y TERMODIN\u00c1MICA, Y LABORATORIO<\/span><\/td>\n<\/tr>\n<tr>\n<td style=\"text-align: center;\" height=\"21\"><span style=\"color: #333333; font-family: Arial; font-size: 8pt;\">6<\/span><\/td>\n<td><span style=\"color: #333333; font-family: Arial; font-size: 8pt;\">ASTRONOM\u00cdA I<\/span><\/td>\n<\/tr>\n<tr>\n<td style=\"text-align: center;\" height=\"21\"><span style=\"color: #3d3d3d; font-family: Arial; font-size: 8pt;\">7<\/span><\/td>\n<td><span style=\"color: #3d3d3d; font-family: Arial; font-size: 8pt;\">CIENCIAS NATURALES Y SU ENSE\u00d1ANZA<\/span><\/td>\n<\/tr>\n<tr>\n<td style=\"text-align: center;\" height=\"21\"><span style=\"color: #333333; font-family: Arial; font-size: 8pt;\">8<\/span><\/td>\n<td><span style=\"color: #333333; font-family: Arial; font-size: 8pt;\">MATEM\u00c1TICA APLICADA<\/span><\/td>\n<\/tr>\n<tr>\n<td style=\"text-align: center;\" height=\"21\"><span style=\"color: #3d3d3d; font-family: Arial; font-size: 8pt;\">9<\/span><\/td>\n<td><span style=\"color: #3d3d3d; font-family: Arial; font-size: 8pt;\">QU\u00cdMICA Y LABORATORIO III<\/span><\/td>\n<\/tr>\n<tr>\n<td style=\"text-align: center;\" height=\"21\"><span style=\"color: #333333; font-family: Arial; font-size: 8pt;\">10<\/span><\/td>\n<td><span style=\"color: #333333; font-family: Arial; font-size: 8pt;\">EDI<\/span><\/td>\n<\/tr>\n<tr>\n<td style=\"text-align: center;\" height=\"21\"><span style=\"color: #3d3d3d; font-family: Arial; font-size: 8pt;\">11<\/span><\/td>\n<td><span style=\"color: #3d3d3d; font-family: Arial; font-size: 8pt;\">ESPACIO DE LA PR\u00c1CTICA DOCENTE III<\/span><\/td>\n<\/tr>\n<tr>\n<td style=\"text-align: center;\" colspan=\"2\" height=\"21\"><span style=\"font-family: Arial; font-size: 8pt;\">A\u00f1o 4<\/span><\/td>\n<\/tr>\n<tr>\n<td style=\"text-align: center;\" height=\"21\"><span style=\"color: #333333; font-family: Arial; font-size: 8pt;\">1<\/span><\/td>\n<td><span style=\"color: #333333; font-family: Arial; font-size: 8pt;\">F\u00cdSICA MODERNA Y LABORATORIO<\/span><\/td>\n<\/tr>\n<tr>\n<td style=\"text-align: center;\" height=\"21\"><span style=\"color: #3d3d3d; font-family: Arial; font-size: 8pt;\">2<\/span><\/td>\n<td><span style=\"color: #3d3d3d; font-family: Arial; font-size: 8pt;\">F\u00cdSICA TE\u00d3RICA<\/span><\/td>\n<\/tr>\n<tr>\n<td style=\"text-align: center;\" height=\"21\"><span style=\"color: #333333; font-family: Arial; font-size: 8pt;\">3<\/span><\/td>\n<td><span style=\"color: #333333; font-family: Arial; font-size: 8pt;\">EPISTEMOLOG\u00cdA E HISTORIA DE LA F\u00cdSICA<\/span><\/td>\n<\/tr>\n<tr>\n<td style=\"text-align: center;\" height=\"21\"><span style=\"color: #3d3d3d; font-family: Arial; font-size: 8pt;\">4<\/span><\/td>\n<td><span style=\"color: #3d3d3d; font-family: Arial; font-size: 8pt;\">ASTRONOM\u00cdA II<\/span><\/td>\n<\/tr>\n<tr>\n<td style=\"text-align: center;\" height=\"21\"><span style=\"color: #333333; font-family: Arial; font-size: 8pt;\">5<\/span><\/td>\n<td><span style=\"color: #333333; font-family: Arial; font-size: 8pt;\">TALLER DE F\u00cdSICA<\/span><\/td>\n<\/tr>\n<tr>\n<td style=\"text-align: center;\" height=\"21\"><span style=\"color: #3d3d3d; font-family: Arial; font-size: 8pt;\">6<\/span><\/td>\n<td><span style=\"color: #3d3d3d; font-family: Arial; font-size: 8pt;\">F\u00cdSICA Y SU ENSE\u00d1ANZA<\/span><\/td>\n<\/tr>\n<tr>\n<td style=\"text-align: center;\" height=\"21\"><span style=\"color: #333333; font-family: Arial; font-size: 8pt;\">7<\/span><\/td>\n<td><span style=\"color: #333333; font-family: Arial; font-size: 8pt;\">MATEM\u00c1TICA PARA F\u00cdSICOS Y SUS APLICACIONES<\/span><\/td>\n<\/tr>\n<tr>\n<td style=\"text-align: center;\" height=\"21\"><span style=\"color: #3d3d3d; font-family: Arial; font-size: 8pt;\">8<\/span><\/td>\n<td><span style=\"color: #3d3d3d; font-family: Arial; font-size: 8pt;\">EDI<\/span><\/td>\n<\/tr>\n<tr>\n<td style=\"text-align: center;\" height=\"21\"><span style=\"color: #333333; font-family: Arial; font-size: 8pt;\">9<\/span><\/td>\n<td><span style=\"color: #333333; font-family: Arial; font-size: 8pt;\">ESPACIO DE LA PR\u00c1CTICA DOCENTE IV<\/span><\/td>\n<\/tr>\n<\/tbody>\n<\/table>\n","protected":false},"excerpt":{"rendered":"<p>Correlatividades del Prof. de Secundaria en F\u00edsica\u00a0correlativas de fisica (4) ORDENAMIENTO DE MATERIAS POR A\u00d1O PARA LA CONFECCI\u00d3N DE NUEVAS LIBRETAS (LOS ALUMNOS QUE YA TIENEN LA DISTRIBUCI\u00d3N EN LAS LIBRETAS NO TIENEN QUE CAMBIARLA, SALVO QUE ADQUIERAN UNA LIBRETA NUEVA) PROFESORADO DE EDUCACI\u00d3N SECUNDARIA EN F\u00cdSICA ORDEN MATERIA A\u00f1o 1 1 PERSPECTIVA FILOS\u00d3FICO-PEDAG\u00d3GICA I &#8230; <a title=\"Profesorado de Educaci\u00f3n Secundaria en F\u00edsica\" class=\"read-more\" href=\"https:\/\/isfd112-bue.infd.edu.ar\/sitio\/profesorado-de-educacion-secundaria-en-fisica-2\/\" aria-label=\"More on Profesorado de Educaci\u00f3n Secundaria en F\u00edsica\">[+]<\/a><\/p>\n","protected":false},"author":1684,"featured_media":0,"parent":0,"menu_order":0,"comment_status":"closed","ping_status":"closed","template":"","meta":[],"acf":[],"_links":{"self":[{"href":"https:\/\/isfd112-bue.infd.edu.ar\/sitio\/wp-json\/wp\/v2\/pages\/2276"}],"collection":[{"href":"https:\/\/isfd112-bue.infd.edu.ar\/sitio\/wp-json\/wp\/v2\/pages"}],"about":[{"href":"https:\/\/isfd112-bue.infd.edu.ar\/sitio\/wp-json\/wp\/v2\/types\/page"}],"author":[{"embeddable":true,"href":"https:\/\/isfd112-bue.infd.edu.ar\/sitio\/wp-json\/wp\/v2\/users\/1684"}],"replies":[{"embeddable":true,"href":"https:\/\/isfd112-bue.infd.edu.ar\/sitio\/wp-json\/wp\/v2\/comments?post=2276"}],"version-history":[{"count":2,"href":"https:\/\/isfd112-bue.infd.edu.ar\/sitio\/wp-json\/wp\/v2\/pages\/2276\/revisions"}],"predecessor-version":[{"id":3615,"href":"https:\/\/isfd112-bue.infd.edu.ar\/sitio\/wp-json\/wp\/v2\/pages\/2276\/revisions\/3615"}],"wp:attachment":[{"href":"https:\/\/isfd112-bue.infd.edu.ar\/sitio\/wp-json\/wp\/v2\/media?parent=2276"}],"curies":[{"name":"wp","href":"https:\/\/api.w.org\/{rel}","templated":true}]}}