{"id":5484,"date":"2021-08-11T11:14:31","date_gmt":"2021-08-11T14:14:31","guid":{"rendered":"https:\/\/isfd112-bue.infd.edu.ar\/sitio\/?page_id=5484"},"modified":"2026-01-19T09:16:34","modified_gmt":"2026-01-19T12:16:34","slug":"titulos-2","status":"publish","type":"page","link":"https:\/\/isfd112-bue.infd.edu.ar\/sitio\/titulos-2\/","title":{"rendered":"Solicitud de T\u00edtulo"},"content":{"rendered":"\n<p class=\"has-huge-font-size\">PEDIDO DE CERTIFICADO DE ESTUDIO FINAL (t\u00edtulos dic\/25 hasta sept\/26) <\/p>\n\n\n\n<p>Para pedido de Anal\u00edtico final: (T\u00cdTULO)<\/p>\n\n\n\n<ul>\n<li>DESCARGAR A UN DISPOSITIVO, EL PEDIDO DE T\u00cdTULO Y LA DECLARACI\u00d3N JURADA, CORRESPONDIENTE A TU CARRERA.<\/li>\n\n\n\n<li>COMPLETAR DIGITALMENTE LAS PLANILLAS DESCARGADAS.<\/li>\n\n\n\n<li>SUBIRLAS AL FORMULARIO GOOGLE CUANDO EL MISMO LO SOLICITE. (EL PEDIDO DE T\u00cdTULO SOLO SE PUEDE SUBIR COMO PDF Y LA DECLARACI\u00d3N JURADA SOLO COMO EXCEL).<\/li>\n\n\n\n<li>EL RESTO DE LA DOCUMENTACI\u00d3N REQUERIDA SE SUBIRA AL FORMULARIO DE GOOGLE SOLO EN FORMATO PDF.<\/li>\n\n\n\n<li class=\"has-medium-font-size\"><strong>LA CONFECCI\u00d3N DE ANAL\u00cdTICOS FINALES, TENDRAN UNA DEMORA DE 20 D\u00cdAS HABILES, DESDE QUE SE EFECTUA EL PEDIDO DEL MISMO. TERMINADO ESE PLAZO, SE ENTREGARAN LAS CONSTANCIAS PERTINENTES.<\/strong><\/li>\n\n\n\n<li class=\"has-medium-font-size\">DOCUMENTACI\u00d3N PARA SUBIR AL FORMULARIO DE GOOGLE. TODO TIENE QUE SER LEGIBLE.\n<ul>\n<li class=\"has-medium-font-size\">SOLICITUD DE PEDIDO DE T\u00cdTULO (PDF) COMPLETO<\/li>\n\n\n\n<li class=\"has-medium-font-size\">PARTIDA DE NACIMIENTO (PDF)<\/li>\n\n\n\n<li class=\"has-medium-font-size\">DOCUMENTO \u00daNICO DE IDENTIDAD (PDF)<\/li>\n\n\n\n<li class=\"has-medium-font-size\">T\u00cdTULO SECUNDARIO REGISTRADO POR EL CONSEJO ESCOLAR (PDF)<\/li>\n\n\n\n<li class=\"has-medium-font-size\">DECLARACI\u00d3N JURADA (EXCEL) COMPLETA<\/li>\n<\/ul>\n<\/li>\n<\/ul>\n\n\n\n<hr class=\"wp-block-separator has-alpha-channel-opacity\"\/>\n\n\n\n<p>ENLACE PARA FORMULARIO GOOGLE, PARA PEDIDO DE T\u00cdTULO.<\/p>\n\n\n\n<p>LEER BIEN Y RESPONSABLEMENTE EL FORMULARIO ANTES DE COMPLETARLO.<\/p>\n\n\n\n<p class=\"has-text-align-center has-large-font-size\"><a href=\"https:\/\/forms.gle\/qvW7RDnHajXAjxHo6\">https:\/\/forms.gle\/qvW7RDnHajXAjxHo6<\/a><\/p>\n\n\n\n<p>&#8212;&#8212;&#8212;&#8212;&#8212;&#8212;&#8212;&#8212;&#8212;&#8212;&#8212;&#8212;&#8212;&#8212;&#8212;&#8212;&#8212;&#8212;&#8212;&#8212;&#8212;&#8212;&#8212;&#8212;&#8212;&#8212;&#8212;&#8212;&#8212;&#8212;&#8212;&#8212;&#8212;&#8212;&#8212;&#8212;&#8212;&#8212;&#8212;&#8212;&#8212;&#8212;&#8212;&#8212;&#8212;&#8212;&#8212;&#8212;&#8212;&#8212;&#8212;&#8212;&#8212;&#8212;&#8212;&#8212;&#8212;&#8212;&#8212;&#8212;&#8212;&#8212;&#8212;-<\/p>\n\n\n\n<p>PEDIDO DE T\u00cdTULO &#8211; PROFESORADO DE EDUCACI\u00d3N SECUNDARIA EN F\u00cdSICA <\/p>\n\n\n\n<div class=\"wp-block-file\"><a id=\"wp-block-file--media-5f08beef-2e69-4804-bda7-ac2b03a67f5d\" href=\"https:\/\/isfd112-bue.infd.edu.ar\/sitio\/wp-content\/uploads\/2025\/12\/SOLICITUD-DE-TITULO-DE-FISICA.doc\">SOLICITUD-DE-TITULO-DE-FISICA<\/a><a href=\"https:\/\/isfd112-bue.infd.edu.ar\/sitio\/wp-content\/uploads\/2025\/12\/SOLICITUD-DE-TITULO-DE-FISICA.doc\" class=\"wp-block-file__button wp-element-button\" download aria-describedby=\"wp-block-file--media-5f08beef-2e69-4804-bda7-ac2b03a67f5d\">Descarga<\/a><\/div>\n\n\n\n<p> DECLARACI\u00d3N JURADA &#8211; PROFESORADO DE EDUCACI\u00d3N SECUNDARIA EN F\u00cdSICA<\/p>\n\n\n\n<div class=\"wp-block-file\"><a id=\"wp-block-file--media-e7d72f5c-212f-4685-97ab-f5bf9d03725f\" href=\"https:\/\/isfd112-bue.infd.edu.ar\/sitio\/wp-content\/uploads\/2025\/12\/DJ-TITULOS-FISICA.xls\">DJ-TITULOS-FISICA<\/a><a href=\"https:\/\/isfd112-bue.infd.edu.ar\/sitio\/wp-content\/uploads\/2025\/12\/DJ-TITULOS-FISICA.xls\" class=\"wp-block-file__button wp-element-button\" download aria-describedby=\"wp-block-file--media-e7d72f5c-212f-4685-97ab-f5bf9d03725f\">Descarga<\/a><\/div>\n\n\n\n<p>&#8212;&#8212;&#8212;&#8212;&#8212;&#8212;&#8212;&#8212;&#8212;&#8212;&#8212;&#8212;&#8212;&#8212;&#8212;&#8212;&#8212;&#8212;&#8212;&#8212;&#8212;&#8212;&#8212;&#8212;&#8212;&#8212;&#8212;&#8212;&#8212;&#8212;&#8212;&#8212;&#8212;&#8212;&#8212;&#8212;&#8212;&#8212;&#8212;&#8212;&#8212;&#8212;&#8212;&#8212;&#8212;&#8212;&#8212;&#8212;&#8212;&#8212;&#8212;&#8212;&#8212;&#8212;&#8212;&#8212;&#8212;&#8212;&#8212;&#8212;&#8212;&#8212;&#8212;-<\/p>\n\n\n\n<p>PEDIDO DE T\u00cdTULO &#8211; PROFESORADO DE EDUCACI\u00d3N ESPECIAL <\/p>\n\n\n\n<div class=\"wp-block-file\"><a id=\"wp-block-file--media-896279e4-73bf-431d-8e9d-b57f0a940918\" href=\"https:\/\/isfd112-bue.infd.edu.ar\/sitio\/wp-content\/uploads\/2025\/12\/SOLICITUD-DE-TITULO-DE-ESPECIAL.doc\">SOLICITUD-DE-TITULO-DE-ESPECIAL<\/a><a href=\"https:\/\/isfd112-bue.infd.edu.ar\/sitio\/wp-content\/uploads\/2025\/12\/SOLICITUD-DE-TITULO-DE-ESPECIAL.doc\" class=\"wp-block-file__button wp-element-button\" download aria-describedby=\"wp-block-file--media-896279e4-73bf-431d-8e9d-b57f0a940918\">Descarga<\/a><\/div>\n\n\n\n<p>DECLARACI\u00d3N JURADA &#8211; PROFESORADO DE EDUCACI\u00d3N ESPECIAL <\/p>\n\n\n\n<div class=\"wp-block-file\"><a id=\"wp-block-file--media-2a0995bd-ffc7-48aa-8358-19e796fe0e1b\" href=\"https:\/\/isfd112-bue.infd.edu.ar\/sitio\/wp-content\/uploads\/2025\/12\/DJ-TITULOS-ESPECIAL.xls\">DJ-TITULOS-ESPECIAL<\/a><a href=\"https:\/\/isfd112-bue.infd.edu.ar\/sitio\/wp-content\/uploads\/2025\/12\/DJ-TITULOS-ESPECIAL.xls\" class=\"wp-block-file__button wp-element-button\" download aria-describedby=\"wp-block-file--media-2a0995bd-ffc7-48aa-8358-19e796fe0e1b\">Descarga<\/a><\/div>\n\n\n\n<p>&#8212;&#8212;&#8212;&#8212;&#8212;&#8212;&#8212;&#8212;&#8212;&#8212;&#8212;&#8212;&#8212;&#8212;&#8212;&#8212;&#8212;&#8212;&#8212;&#8212;&#8212;&#8212;&#8212;&#8212;&#8212;&#8212;&#8212;&#8212;&#8212;&#8212;&#8212;&#8212;&#8212;&#8212;&#8212;&#8212;&#8212;&#8212;&#8212;&#8212;&#8212;&#8212;&#8212;&#8212;&#8212;&#8212;&#8212;&#8212;&#8212;&#8212;&#8212;&#8212;&#8212;&#8212;&#8212;&#8212;&#8212;&#8212;&#8212;&#8212;&#8212;&#8212;&#8212;-<\/p>\n\n\n\n<p>PEDIDO DE T\u00cdTULO &#8211; PROFESORADO DE EDUCACI\u00d3N INICIAL <\/p>\n\n\n\n<div class=\"wp-block-file\"><a id=\"wp-block-file--media-15b99775-d1e6-4158-8489-914a0a47382f\" href=\"https:\/\/isfd112-bue.infd.edu.ar\/sitio\/wp-content\/uploads\/2025\/12\/SOLICITUD-DE-TITULO-DE-INICIAL.doc\">SOLICITUD-DE-TITULO-DE-INICIAL<\/a><a href=\"https:\/\/isfd112-bue.infd.edu.ar\/sitio\/wp-content\/uploads\/2025\/12\/SOLICITUD-DE-TITULO-DE-INICIAL.doc\" class=\"wp-block-file__button wp-element-button\" download aria-describedby=\"wp-block-file--media-15b99775-d1e6-4158-8489-914a0a47382f\">Descarga<\/a><\/div>\n\n\n\n<p>DECLARACI\u00d3N JURADA &#8211; PROFESORADO DE EDUCACI\u00d3N INICIAL&nbsp;<\/p>\n\n\n\n<div class=\"wp-block-file\"><a id=\"wp-block-file--media-fcb1d6c8-c187-479a-ab37-9288bc8743f3\" href=\"https:\/\/isfd112-bue.infd.edu.ar\/sitio\/wp-content\/uploads\/2025\/12\/DJ-TITULOS-INICIAL.xls\">DJ-TITULOS-INICIAL<\/a><a href=\"https:\/\/isfd112-bue.infd.edu.ar\/sitio\/wp-content\/uploads\/2025\/12\/DJ-TITULOS-INICIAL.xls\" class=\"wp-block-file__button wp-element-button\" download aria-describedby=\"wp-block-file--media-fcb1d6c8-c187-479a-ab37-9288bc8743f3\">Descarga<\/a><\/div>\n\n\n\n<p>&#8212;&#8212;&#8212;&#8212;&#8212;&#8212;&#8212;&#8212;&#8212;&#8212;&#8212;&#8212;&#8212;&#8212;&#8212;&#8212;&#8212;&#8212;&#8212;&#8212;&#8212;&#8212;&#8212;&#8212;&#8212;&#8212;&#8212;&#8212;&#8212;&#8212;&#8212;&#8212;&#8212;&#8212;&#8212;&#8212;&#8212;&#8212;&#8212;&#8212;&#8212;&#8212;&#8212;&#8212;&#8212;&#8212;&#8212;&#8212;&#8212;&#8212;&#8212;&#8212;&#8212;&#8212;&#8212;&#8212;&#8212;&#8212;&#8212;&#8212;&#8212;&#8212;&#8212;-<\/p>\n\n\n\n<p>PEDIDO DE T\u00cdTULO &#8211; PROFESORADO DE EDUCACI\u00d3N PRIMARIA TM-TV<\/p>\n\n\n\n<div class=\"wp-block-file\"><a id=\"wp-block-file--media-6a2dabe9-9d81-4f0d-9e77-3fb01d074616\" href=\"https:\/\/isfd112-bue.infd.edu.ar\/sitio\/wp-content\/uploads\/2025\/12\/SOLICITUD-DE-TITULO-DE-PRIMARIA-TM.doc\">SOLICITUD-DE-TITULO-DE-PRIMARIA-TM<\/a><a href=\"https:\/\/isfd112-bue.infd.edu.ar\/sitio\/wp-content\/uploads\/2025\/12\/SOLICITUD-DE-TITULO-DE-PRIMARIA-TM.doc\" class=\"wp-block-file__button wp-element-button\" download aria-describedby=\"wp-block-file--media-6a2dabe9-9d81-4f0d-9e77-3fb01d074616\">Descarga<\/a><\/div>\n\n\n\n<div class=\"wp-block-file\"><a id=\"wp-block-file--media-8e4eda48-bc95-4de8-a05c-c3bea03fd8c7\" href=\"https:\/\/isfd112-bue.infd.edu.ar\/sitio\/wp-content\/uploads\/2025\/12\/SOLICITUD-DE-TITULO-DE-PRIMARIA-TV.doc\">SOLICITUD-DE-TITULO-DE-PRIMARIA-TV<\/a><a href=\"https:\/\/isfd112-bue.infd.edu.ar\/sitio\/wp-content\/uploads\/2025\/12\/SOLICITUD-DE-TITULO-DE-PRIMARIA-TV.doc\" class=\"wp-block-file__button wp-element-button\" download aria-describedby=\"wp-block-file--media-8e4eda48-bc95-4de8-a05c-c3bea03fd8c7\">Descarga<\/a><\/div>\n\n\n\n<p>DECLARACI\u00d3N JURADA &#8211; PROFESORADO DE EDUCACI\u00d3N PRIMARIA <\/p>\n\n\n\n<div class=\"wp-block-file\"><a id=\"wp-block-file--media-424d01ac-6caa-4828-8b14-f49c60076b4e\" href=\"https:\/\/isfd112-bue.infd.edu.ar\/sitio\/wp-content\/uploads\/2025\/12\/DJ-TITULOS-PRIMARIA.xls\">DJ-TITULOS-PRIMARIA<\/a><a href=\"https:\/\/isfd112-bue.infd.edu.ar\/sitio\/wp-content\/uploads\/2025\/12\/DJ-TITULOS-PRIMARIA.xls\" class=\"wp-block-file__button wp-element-button\" download aria-describedby=\"wp-block-file--media-424d01ac-6caa-4828-8b14-f49c60076b4e\">Descarga<\/a><\/div>\n\n\n\n<p>&#8212;&#8212;&#8212;&#8212;&#8212;&#8212;&#8212;&#8212;&#8212;&#8212;&#8212;&#8212;&#8212;&#8212;&#8212;&#8212;&#8212;&#8212;&#8212;&#8212;&#8212;&#8212;&#8212;&#8212;&#8212;&#8212;&#8212;&#8212;&#8212;&#8212;&#8212;&#8212;&#8212;&#8212;&#8212;&#8212;&#8212;&#8212;&#8212;&#8212;&#8212;&#8212;&#8212;&#8212;&#8212;&#8212;&#8212;&#8212;&#8212;&#8212;&#8212;&#8212;&#8212;&#8212;&#8212;&#8212;&#8212;&#8212;&#8212;&#8212;&#8212;&#8212;&#8212;- &nbsp;<\/p>\n","protected":false},"excerpt":{"rendered":"<p>PEDIDO DE CERTIFICADO DE ESTUDIO FINAL (t\u00edtulos dic\/25 hasta sept\/26) Para pedido de Anal\u00edtico final: (T\u00cdTULO) ENLACE PARA FORMULARIO GOOGLE, PARA PEDIDO DE T\u00cdTULO. LEER BIEN Y RESPONSABLEMENTE EL FORMULARIO ANTES DE COMPLETARLO. https:\/\/forms.gle\/qvW7RDnHajXAjxHo6 &#8212;&#8212;&#8212;&#8212;&#8212;&#8212;&#8212;&#8212;&#8212;&#8212;&#8212;&#8212;&#8212;&#8212;&#8212;&#8212;&#8212;&#8212;&#8212;&#8212;&#8212;&#8212;&#8212;&#8212;&#8212;&#8212;&#8212;&#8212;&#8212;&#8212;&#8212;&#8212;&#8212;&#8212;&#8212;&#8212;&#8212;&#8212;&#8212;&#8212;&#8212;&#8212;&#8212;&#8212;&#8212;&#8212;&#8212;&#8212;&#8212;&#8212;&#8212;&#8212;&#8212;&#8212;&#8212;&#8212;&#8212;&#8212;&#8212;&#8212;&#8212;&#8212;&#8212;- PEDIDO DE T\u00cdTULO &#8211; PROFESORADO DE EDUCACI\u00d3N SECUNDARIA EN F\u00cdSICA DECLARACI\u00d3N JURADA &#8211; PROFESORADO DE EDUCACI\u00d3N SECUNDARIA EN F\u00cdSICA &#8212;&#8212;&#8212;&#8212;&#8212;&#8212;&#8212;&#8212;&#8212;&#8212;&#8212;&#8212;&#8212;&#8212;&#8212;&#8212;&#8212;&#8212;&#8212;&#8212;&#8212;&#8212;&#8212;&#8212;&#8212;&#8212;&#8212;&#8212;&#8212;&#8212;&#8212;&#8212;&#8212;&#8212;&#8212;&#8212;&#8212;&#8212;&#8212;&#8212;&#8212;&#8212;&#8212;&#8212;&#8212;&#8212;&#8212;&#8212;&#8212;&#8212;&#8212;&#8212;&#8212;&#8212;&#8212;&#8212;&#8212;&#8212;&#8212;&#8212;&#8212;&#8212;&#8212;- &#8230; <a title=\"Solicitud de T\u00edtulo\" class=\"read-more\" href=\"https:\/\/isfd112-bue.infd.edu.ar\/sitio\/titulos-2\/\" aria-label=\"More on Solicitud de T\u00edtulo\">[+]<\/a><\/p>\n","protected":false},"author":2232,"featured_media":0,"parent":0,"menu_order":-1,"comment_status":"closed","ping_status":"closed","template":"","meta":[],"acf":[],"_links":{"self":[{"href":"https:\/\/isfd112-bue.infd.edu.ar\/sitio\/wp-json\/wp\/v2\/pages\/5484"}],"collection":[{"href":"https:\/\/isfd112-bue.infd.edu.ar\/sitio\/wp-json\/wp\/v2\/pages"}],"about":[{"href":"https:\/\/isfd112-bue.infd.edu.ar\/sitio\/wp-json\/wp\/v2\/types\/page"}],"author":[{"embeddable":true,"href":"https:\/\/isfd112-bue.infd.edu.ar\/sitio\/wp-json\/wp\/v2\/users\/2232"}],"replies":[{"embeddable":true,"href":"https:\/\/isfd112-bue.infd.edu.ar\/sitio\/wp-json\/wp\/v2\/comments?post=5484"}],"version-history":[{"count":63,"href":"https:\/\/isfd112-bue.infd.edu.ar\/sitio\/wp-json\/wp\/v2\/pages\/5484\/revisions"}],"predecessor-version":[{"id":11976,"href":"https:\/\/isfd112-bue.infd.edu.ar\/sitio\/wp-json\/wp\/v2\/pages\/5484\/revisions\/11976"}],"wp:attachment":[{"href":"https:\/\/isfd112-bue.infd.edu.ar\/sitio\/wp-json\/wp\/v2\/media?parent=5484"}],"curies":[{"name":"wp","href":"https:\/\/api.w.org\/{rel}","templated":true}]}}